Last updated on 2024-08-16 11:49:40 CEST.
Flavor | Version | Tinstall | Tcheck | Ttotal | Status | Flags |
---|---|---|---|---|---|---|
r-devel-linux-x86_64-debian-clang | 1.0.8 | 17.95 | 367.41 | 385.36 | OK | |
r-devel-linux-x86_64-debian-gcc | 1.0.8 | 12.06 | 252.93 | 264.99 | OK | |
r-devel-linux-x86_64-fedora-clang | 1.0.8 | 617.10 | NOTE | |||
r-devel-linux-x86_64-fedora-gcc | 1.0.8 | 611.04 | OK | |||
r-devel-windows-x86_64 | 1.0.8 | 17.00 | 364.00 | 381.00 | NOTE | |
r-patched-linux-x86_64 | 1.0.8 | 18.09 | 344.41 | 362.50 | OK | |
r-release-linux-x86_64 | 1.0.8 | 14.94 | 354.08 | 369.02 | OK | |
r-release-macos-arm64 | 1.0.8 | 137.00 | NOTE | |||
r-release-macos-x86_64 | 1.0.8 | 228.00 | NOTE | |||
r-release-windows-x86_64 | 1.0.8 | 17.00 | 367.00 | 384.00 | NOTE | |
r-oldrel-macos-arm64 | 1.0.8 | 352.00 | NOTE | |||
r-oldrel-macos-x86_64 | 1.0.8 | 479.00 | NOTE | |||
r-oldrel-windows-x86_64 | 1.0.8 | 23.00 | 463.00 | 486.00 | NOTE |
Version: 1.0.8
Check: installed package size
Result: NOTE
installed size is 5.6Mb
sub-directories of 1Mb or more:
doc 5.0Mb
Flavors: r-devel-linux-x86_64-fedora-clang, r-devel-windows-x86_64, r-release-macos-arm64, r-release-macos-x86_64, r-release-windows-x86_64, r-oldrel-macos-arm64, r-oldrel-macos-x86_64, r-oldrel-windows-x86_64