CRAN Package Check Results for Package finch

Last updated on 2019-07-16 05:48:13 CEST.

Flavor Version Tinstall Tcheck Ttotal Status Flags
r-devel-linux-x86_64-debian-clang 0.3.0 7.37 62.94 70.31 OK
r-devel-linux-x86_64-debian-gcc 0.3.0 5.96 47.86 53.82 OK
r-devel-linux-x86_64-fedora-clang 0.3.0 60.87 NOTE
r-devel-linux-x86_64-fedora-gcc 0.3.0 66.53 NOTE
r-devel-windows-ix86+x86_64 0.3.0 24.00 69.00 93.00 OK
r-patched-linux-x86_64 0.3.0 7.06 61.10 68.16 OK
r-patched-solaris-x86 0.3.0 92.40 NOTE
r-release-linux-x86_64 0.3.0 6.06 60.70 66.76 OK
r-release-windows-ix86+x86_64 0.3.0 16.00 107.00 123.00 OK
r-release-osx-x86_64 0.3.0 ERROR
r-oldrel-windows-ix86+x86_64 0.3.0 15.00 96.00 111.00 OK
r-oldrel-osx-x86_64 0.3.0 ERROR

Check Details

Version: 0.3.0
Check: dependencies in R code
Result: NOTE
    Namespace in Imports field not imported from: ‘rappdirs’
     All declared Imports should be used.
Flavors: r-devel-linux-x86_64-fedora-clang, r-devel-linux-x86_64-fedora-gcc, r-patched-solaris-x86

Version: 0.3.0
Check: package dependencies
Result: ERROR
    Package required and available but unsuitable version: ‘EML’
    
    See section ‘The DESCRIPTION file’ in the ‘Writing R Extensions’
    manual.
Flavors: r-release-osx-x86_64, r-oldrel-osx-x86_64