CRAN Package Check Results for Package finetune

Last updated on 2021-07-27 23:51:11 CEST.

Flavor Version Tinstall Tcheck Ttotal Status Flags
r-devel-linux-x86_64-debian-clang 0.1.0 13.63 281.23 294.86 OK
r-devel-linux-x86_64-debian-gcc 0.1.0 13.24 217.47 230.71 OK
r-devel-linux-x86_64-fedora-clang 0.1.0 348.85 NOTE
r-devel-linux-x86_64-fedora-gcc 0.1.0 334.26 NOTE
r-devel-windows-x86_64 0.1.0 21.00 323.00 344.00 OK
r-devel-windows-x86_64-gcc10-UCRT 0.0.1 NOTE
r-patched-linux-x86_64 0.1.0 20.67 259.97 280.64 OK
r-patched-solaris-x86 0.1.0 411.00 NOTE
r-release-linux-x86_64 0.1.0 13.62 264.05 277.67 OK
r-release-macos-arm64 0.1.0 NOTE
r-release-macos-x86_64 0.1.0 NOTE
r-release-windows-ix86+x86_64 0.1.0 29.00 253.00 282.00 OK
r-oldrel-macos-x86_64 0.1.0 NOTE
r-oldrel-windows-ix86+x86_64 0.0.1 26.00 334.00 360.00 ERROR

Check Details

Version: 0.1.0
Check: dependencies in R code
Result: NOTE
    Namespaces in Imports field not imported from:
     ‘ranger’ ‘yardstick’
     All declared Imports should be used.
Flavors: r-devel-linux-x86_64-fedora-clang, r-devel-linux-x86_64-fedora-gcc, r-patched-solaris-x86, r-release-macos-arm64, r-release-macos-x86_64, r-oldrel-macos-x86_64

Version: 0.0.1
Check: dependencies in R code
Result: NOTE
    Namespace in Imports field not imported from: 'yardstick'
     All declared Imports should be used.
Flavor: r-devel-windows-x86_64-gcc10-UCRT

Version: 0.0.1
Check: LazyData
Result: NOTE
     'LazyData' is specified without a 'data' directory
Flavor: r-devel-windows-x86_64-gcc10-UCRT

Version: 0.0.1
Check: tests
Result: ERROR
     Running 'helpers.R' [6s]
     Running 'spelling.R' [0s]
     Running 'testthat.R' [183s]
    Running the tests in 'tests/testthat.R' failed.
    Complete output:
     > library(testthat)
     > library(finetune)
     Loading required package: tune
     >
     > test_check("finetune")
    
     Attaching package: 'rsample'
    
     The following object is masked from 'package:testthat':
    
     matches
    
    
     Attaching package: 'dplyr'
    
     The following object is masked from 'package:testthat':
    
     matches
    
     The following objects are masked from 'package:stats':
    
     filter, lag
    
     The following objects are masked from 'package:base':
    
     intersect, setdiff, setequal, union
    
     Loading required package: Matrix
     For binary classification, the first factor level is assumed to be the event.
     Use the argument `event_level = "second"` to alter this as needed.
    
     Attaching package: 'workflows'
    
     The following object is masked from 'package:tune':
    
     extract_recipe
    
     ! Fold3, Repeat1: preprocessor 1/1, model 1/8 (predictions): `pull_workflow_fit()` was dep...
     ! Fold3, Repeat1: internal: `pull_workflow_spec()` was deprecated in workflows 0.2.3.
     Plea...
     ! Fold3, Repeat1: preprocessor 1/1, model 2/8 (predictions): `pull_workflow_fit()` was dep...
     ! Fold3, Repeat1: internal: `pull_workflow_spec()` was deprecated in workflows 0.2.3.
     Plea...
     ! Fold3, Repeat1: preprocessor 1/1, model 3/8 (predictions): `pull_workflow_fit()` was dep...
     ! Fold3, Repeat1: internal: `pull_workflow_spec()` was deprecated in workflows 0.2.3.
     Plea...
     ! Fold3, Repeat1: preprocessor 1/1, model 4/8 (predictions): `pull_workflow_fit()` was dep...
     ! Fold3, Repeat1: internal: `pull_workflow_spec()` was deprecated in workflows 0.2.3.
     Plea...
     ! Fold3, Repeat1: preprocessor 1/1, model 5/8 (predictions): `pull_workflow_fit()` was dep...
     ! Fold3, Repeat1: internal: `pull_workflow_spec()` was deprecated in workflows 0.2.3.
     Plea...
     ! Fold3, Repeat1: preprocessor 1/1, model 6/8 (predictions): `pull_workflow_fit()` was dep...
     ! Fold3, Repeat1: internal: `pull_workflow_spec()` was deprecated in workflows 0.2.3.
     Plea...
     ! Fold3, Repeat1: preprocessor 1/1, model 7/8 (predictions): `pull_workflow_fit()` was dep...
     ! Fold3, Repeat1: internal: `pull_workflow_spec()` was deprecated in workflows 0.2.3.
     Plea...
     ! Fold3, Repeat1: preprocessor 1/1, model 8/8 (predictions): `pull_workflow_fit()` was dep...
     ! Fold3, Repeat1: internal: `pull_workflow_spec()` was deprecated in workflows 0.2.3.
     Plea...
     ! Fold4, Repeat1: preprocessor 1/1, model 1/8 (predictions): `pull_workflow_fit()` was dep...
     ! Fold4, Repeat1: internal: `pull_workflow_spec()` was deprecated in workflows 0.2.3.
     Plea...
     ! Fold4, Repeat1: preprocessor 1/1, model 2/8 (predictions): `pull_workflow_fit()` was dep...
     ! Fold4, Repeat1: internal: `pull_workflow_spec()` was deprecated in workflows 0.2.3.
     Plea...
     ! Fold4, Repeat1: preprocessor 1/1, model 3/8 (predictions): `pull_workflow_fit()` was dep...
     ! Fold4, Repeat1: internal: `pull_workflow_spec()` was deprecated in workflows 0.2.3.
     Plea...
     ! Fold4, Repeat1: preprocessor 1/1, model 4/8 (predictions): `pull_workflow_fit()` was dep...
     ! Fold4, Repeat1: internal: `pull_workflow_spec()` was deprecated in workflows 0.2.3.
     Plea...
     ! Fold4, Repeat1: preprocessor 1/1, model 5/8 (predictions): `pull_workflow_fit()` was dep...
     ! Fold4, Repeat1: internal: `pull_workflow_spec()` was deprecated in workflows 0.2.3.
     Plea...
     ! Fold4, Repeat1: preprocessor 1/1, model 6/8 (predictions): `pull_workflow_fit()` was dep...
     ! Fold4, Repeat1: internal: `pull_workflow_spec()` was deprecated in workflows 0.2.3.
     Plea...
     ! Fold4, Repeat1: preprocessor 1/1, model 7/8 (predictions): `pull_workflow_fit()` was dep...
     ! Fold4, Repeat1: internal: `pull_workflow_spec()` was deprecated in workflows 0.2.3.
     Plea...
     ! Fold4, Repeat1: preprocessor 1/1, model 8/8 (predictions): `pull_workflow_fit()` was dep...
     ! Fold4, Repeat1: internal: `pull_workflow_spec()` was deprecated in workflows 0.2.3.
     Plea...
     ! Fold2, Repeat1: preprocessor 1/1, model 1/8 (predictions): `pull_workflow_fit()` was dep...
     ! Fold2, Repeat1: internal: `pull_workflow_spec()` was deprecated in workflows 0.2.3.
     Plea...
     ! Fold2, Repeat1: preprocessor 1/1, model 2/8 (predictions): `pull_workflow_fit()` was dep...
     ! Fold2, Repeat1: internal: `pull_workflow_spec()` was deprecated in workflows 0.2.3.
     Plea...
     ! Fold2, Repeat1: preprocessor 1/1, model 3/8 (predictions): `pull_workflow_fit()` was dep...
     ! Fold2, Repeat1: internal: `pull_workflow_spec()` was deprecated in workflows 0.2.3.
     Plea...
     ! Fold2, Repeat1: preprocessor 1/1, model 4/8 (predictions): `pull_workflow_fit()` was dep...
     ! Fold2, Repeat1: internal: `pull_workflow_spec()` was deprecated in workflows 0.2.3.
     Plea...
     ! Fold2, Repeat1: preprocessor 1/1, model 5/8 (predictions): `pull_workflow_fit()` was dep...
     ! Fold2, Repeat1: internal: `pull_workflow_spec()` was deprecated in workflows 0.2.3.
     Plea...
     ! Fold2, Repeat1: preprocessor 1/1, model 6/8 (predictions): `pull_workflow_fit()` was dep...
     ! Fold2, Repeat1: internal: `pull_workflow_spec()` was deprecated in workflows 0.2.3.
     Plea...
     ! Fold2, Repeat1: preprocessor 1/1, model 7/8 (predictions): `pull_workflow_fit()` was dep...
     ! Fold2, Repeat1: internal: `pull_workflow_spec()` was deprecated in workflows 0.2.3.
     Plea...
     ! Fold2, Repeat1: preprocessor 1/1, model 8/8 (predictions): `pull_workflow_fit()` was dep...
     ! Fold2, Repeat1: internal: `pull_workflow_spec()` was deprecated in workflows 0.2.3.
     Plea...
     ! Fold1, Repeat1: preprocessor 1/1, model 1/7 (predictions): `pull_workflow_fit()` was dep...
     ! Fold1, Repeat1: internal: `pull_workflow_spec()` was deprecated in workflows 0.2.3.
     Plea...
     ! Fold1, Repeat1: preprocessor 1/1, model 2/7 (predictions): `pull_workflow_fit()` was dep...
     ! Fold1, Repeat1: internal: `pull_workflow_spec()` was deprecated in workflows 0.2.3.
     Plea...
     ! Fold1, Repeat1: preprocessor 1/1, model 3/7 (predictions): `pull_workflow_fit()` was dep...
     ! Fold1, Repeat1: internal: `pull_workflow_spec()` was deprecated in workflows 0.2.3.
     Plea...
     ! Fold1, Repeat1: preprocessor 1/1, model 4/7 (predictions): `pull_workflow_fit()` was dep...
     ! Fold1, Repeat1: internal: `pull_workflow_spec()` was deprecated in workflows 0.2.3.
     Plea...
     ! Fold1, Repeat1: preprocessor 1/1, model 5/7 (predictions): `pull_workflow_fit()` was dep...
     ! Fold1, Repeat1: internal: `pull_workflow_spec()` was deprecated in workflows 0.2.3.
     Plea...
     ! Fold1, Repeat1: preprocessor 1/1, model 6/7 (predictions): `pull_workflow_fit()` was dep...
     ! Fold1, Repeat1: internal: `pull_workflow_spec()` was deprecated in workflows 0.2.3.
     Plea...
     ! Fold1, Repeat1: preprocessor 1/1, model 7/7 (predictions): `pull_workflow_fit()` was dep...
     ! Fold1, Repeat1: internal: `pull_workflow_spec()` was deprecated in workflows 0.2.3.
     Plea...
     ! Fold5, Repeat1: preprocessor 1/1, model 1/7 (predictions): `pull_workflow_fit()` was dep...
     ! Fold5, Repeat1: internal: `pull_workflow_spec()` was deprecated in workflows 0.2.3.
     Plea...
     ! Fold5, Repeat1: preprocessor 1/1, model 2/7 (predictions): `pull_workflow_fit()` was dep...
     ! Fold5, Repeat1: internal: `pull_workflow_spec()` was deprecated in workflows 0.2.3.
     Plea...
     ! Fold5, Repeat1: preprocessor 1/1, model 3/7 (predictions): `pull_workflow_fit()` was dep...
     ! Fold5, Repeat1: internal: `pull_workflow_spec()` was deprecated in workflows 0.2.3.
     Plea...
     ! Fold5, Repeat1: preprocessor 1/1, model 4/7 (predictions): `pull_workflow_fit()` was dep...
     ! Fold5, Repeat1: internal: `pull_workflow_spec()` was deprecated in workflows 0.2.3.
     Plea...
     ! Fold5, Repeat1: preprocessor 1/1, model 5/7 (predictions): `pull_workflow_fit()` was dep...
     ! Fold5, Repeat1: internal: `pull_workflow_spec()` was deprecated in workflows 0.2.3.
     Plea...
     ! Fold5, Repeat1: preprocessor 1/1, model 6/7 (predictions): `pull_workflow_fit()` was dep...
     ! Fold5, Repeat1: internal: `pull_workflow_spec()` was deprecated in workflows 0.2.3.
     Plea...
     ! Fold5, Repeat1: preprocessor 1/1, model 7/7 (predictions): `pull_workflow_fit()` was dep...
     ! Fold5, Repeat1: internal: `pull_workflow_spec()` was deprecated in workflows 0.2.3.
     Plea...
     ! Fold4, Repeat2: preprocessor 1/1, model 1/7 (predictions): `pull_workflow_fit()` was dep...
     ! Fold4, Repeat2: internal: `pull_workflow_spec()` was deprecated in workflows 0.2.3.
     Plea...
     ! Fold4, Repeat2: preprocessor 1/1, model 2/7 (predictions): `pull_workflow_fit()` was dep...
     ! Fold4, Repeat2: internal: `pull_workflow_spec()` was deprecated in workflows 0.2.3.
     Plea...
     ! Fold4, Repeat2: preprocessor 1/1, model 3/7 (predictions): `pull_workflow_fit()` was dep...
     ! Fold4, Repeat2: internal: `pull_workflow_spec()` was deprecated in workflows 0.2.3.
     Plea...
     ! Fold4, Repeat2: preprocessor 1/1, model 4/7 (predictions): `pull_workflow_fit()` was dep...
     ! Fold4, Repeat2: internal: `pull_workflow_spec()` was deprecated in workflows 0.2.3.
     Plea...
     ! Fold4, Repeat2: preprocessor 1/1, model 5/7 (predictions): `pull_workflow_fit()` was dep...
     ! Fold4, Repeat2: internal: `pull_workflow_spec()` was deprecated in workflows 0.2.3.
     Plea...
     ! Fold4, Repeat2: preprocessor 1/1, model 6/7 (predictions): `pull_workflow_fit()` was dep...
     ! Fold4, Repeat2: internal: `pull_workflow_spec()` was deprecated in workflows 0.2.3.
     Plea...
     ! Fold4, Repeat2: preprocessor 1/1, model 7/7 (predictions): `pull_workflow_fit()` was dep...
     ! Fold4, Repeat2: internal: `pull_workflow_spec()` was deprecated in workflows 0.2.3.
     Plea...
     ! Fold2, Repeat2: preprocessor 1/1, model 1/6 (predictions): `pull_workflow_fit()` was dep...
     ! Fold2, Repeat2: internal: `pull_workflow_spec()` was deprecated in workflows 0.2.3.
     Plea...
     ! Fold2, Repeat2: preprocessor 1/1, model 2/6 (predictions): `pull_workflow_fit()` was dep...
     ! Fold2, Repeat2: internal: `pull_workflow_spec()` was deprecated in workflows 0.2.3.
     Plea...
     ! Fold2, Repeat2: preprocessor 1/1, model 3/6 (predictions): `pull_workflow_fit()` was dep...
     ! Fold2, Repeat2: internal: `pull_workflow_spec()` was deprecated in workflows 0.2.3.
     Plea...
     ! Fold2, Repeat2: preprocessor 1/1, model 4/6 (predictions): `pull_workflow_fit()` was dep...
     ! Fold2, Repeat2: internal: `pull_workflow_spec()` was deprecated in workflows 0.2.3.
     Plea...
     ! Fold2, Repeat2: preprocessor 1/1, model 5/6 (predictions): `pull_workflow_fit()` was dep...
     ! Fold2, Repeat2: internal: `pull_workflow_spec()` was deprecated in workflows 0.2.3.
     Plea...
     ! Fold2, Repeat2: preprocessor 1/1, model 6/6 (predictions): `pull_workflow_fit()` was dep...
     ! Fold2, Repeat2: internal: `pull_workflow_spec()` was deprecated in workflows 0.2.3.
     Plea...
     ! Fold1, Repeat2: preprocessor 1/1, model 1/3 (predictions): `pull_workflow_fit()` was dep...
     ! Fold1, Repeat2: internal: `pull_workflow_spec()` was deprecated in workflows 0.2.3.
     Plea...
     ! Fold1, Repeat2: preprocessor 1/1, model 2/3 (predictions): `pull_workflow_fit()` was dep...
     ! Fold1, Repeat2: internal: `pull_workflow_spec()` was deprecated in workflows 0.2.3.
     Plea...
     ! Fold1, Repeat2: preprocessor 1/1, model 3/3 (predictions): `pull_workflow_fit()` was dep...
     ! Fold1, Repeat2: internal: `pull_workflow_spec()` was deprecated in workflows 0.2.3.
     Plea...
     ! Fold3, Repeat2: preprocessor 1/1, model 1/3 (predictions): `pull_workflow_fit()` was dep...
     ! Fold3, Repeat2: internal: `pull_workflow_spec()` was deprecated in workflows 0.2.3.
     Plea...
     ! Fold3, Repeat2: preprocessor 1/1, model 2/3 (predictions): `pull_workflow_fit()` was dep...
     ! Fold3, Repeat2: internal: `pull_workflow_spec()` was deprecated in workflows 0.2.3.
     Plea...
     ! Fold3, Repeat2: preprocessor 1/1, model 3/3 (predictions): `pull_workflow_fit()` was dep...
     ! Fold3, Repeat2: internal: `pull_workflow_spec()` was deprecated in workflows 0.2.3.
     Plea...
     ! Fold5, Repeat2: preprocessor 1/1, model 1/3 (predictions): `pull_workflow_fit()` was dep...
     ! Fold5, Repeat2: internal: `pull_workflow_spec()` was deprecated in workflows 0.2.3.
     Plea...
     ! Fold5, Repeat2: preprocessor 1/1, model 2/3 (predictions): `pull_workflow_fit()` was dep...
     ! Fold5, Repeat2: internal: `pull_workflow_spec()` was deprecated in workflows 0.2.3.
     Plea...
     ! Fold5, Repeat2: preprocessor 1/1, model 3/3 (predictions): `pull_workflow_fit()` was dep...
     ! Fold5, Repeat2: internal: `pull_workflow_spec()` was deprecated in workflows 0.2.3.
     Plea...
    
     Attaching package: 'discrim'
    
     The following object is masked from 'package:dials':
    
     smoothness
    
     == Skipped tests ===============================================================
     * On CRAN (13)
    
     == Failed tests ================================================================
     -- Failure (test-anova-filter.R:131:3): top-level anova filter interfaces ------
     `expect_error(...)` produced warnings, messages.
    
     [ FAIL 1 | WARN 48 | SKIP 13 | PASS 181 ]
     Error: Test failures
     Execution halted
Flavor: r-oldrel-windows-ix86+x86_64