CRAN Package Check Results for Package fingerprint

Last updated on 2024-02-27 12:50:37 CET.

Flavor Version Tinstall Tcheck Ttotal Status Flags
r-devel-linux-x86_64-debian-clang 3.5.7 5.58 34.44 40.02 NOTE
r-devel-linux-x86_64-debian-gcc 3.5.7 4.42 26.80 31.22 NOTE
r-devel-linux-x86_64-fedora-clang 3.5.7 51.60 NOTE
r-devel-linux-x86_64-fedora-gcc 3.5.7 51.02 NOTE
r-devel-windows-x86_64 3.5.7 10.00 52.00 62.00 NOTE
r-patched-linux-x86_64 3.5.7 6.01 33.98 39.99 NOTE
r-release-linux-x86_64 3.5.7 5.40 33.98 39.38 NOTE
r-release-macos-arm64 3.5.7 21.00 NOTE
r-release-macos-x86_64 3.5.7 28.00 NOTE
r-release-windows-x86_64 3.5.7 7.00 56.00 63.00 NOTE
r-oldrel-macos-arm64 3.5.7 19.00 OK
r-oldrel-windows-x86_64 3.5.7 13.00 67.00 80.00 OK

Check Details

Version: 3.5.7
Check: Rd files
Result: NOTE checkRd: (-1) bitspec.Rd:8: Escaped LaTeX specials: \& Flavors: r-devel-linux-x86_64-debian-clang, r-devel-linux-x86_64-debian-gcc, r-devel-linux-x86_64-fedora-clang, r-devel-linux-x86_64-fedora-gcc, r-devel-windows-x86_64, r-patched-linux-x86_64, r-release-linux-x86_64, r-release-macos-arm64, r-release-macos-x86_64, r-release-windows-x86_64