CRAN Package Check Results for Package fingertipscharts

Last updated on 2019-11-13 11:47:08 CET.

Flavor Version Tinstall Tcheck Ttotal Status Flags
r-devel-linux-x86_64-debian-clang 0.0.10 12.80 151.68 164.48 OK
r-devel-linux-x86_64-debian-gcc 0.0.10 10.59 113.85 124.44 OK
r-devel-linux-x86_64-fedora-clang 0.0.10 170.16 NOTE
r-devel-linux-x86_64-fedora-gcc 0.0.10 166.50 NOTE
r-devel-windows-ix86+x86_64 0.0.10 63.00 298.00 361.00 OK
r-patched-linux-x86_64 0.0.10 13.27 143.97 157.24 OK
r-patched-solaris-x86 0.0.10 253.10 WARN
r-release-linux-x86_64 0.0.10 12.91 143.58 156.49 OK
r-release-windows-ix86+x86_64 0.0.10 43.00 276.00 319.00 OK
r-release-osx-x86_64 0.0.10 WARN
r-oldrel-windows-ix86+x86_64 0.0.10 21.00 281.00 302.00 WARN
r-oldrel-osx-x86_64 0.0.10 WARN

Check Details

Version: 0.0.10
Check: dependencies in R code
Result: NOTE
    Namespaces in Imports field not imported from:
     ‘curl’ ‘mapproj’
     All declared Imports should be used.
Flavors: r-devel-linux-x86_64-fedora-clang, r-devel-linux-x86_64-fedora-gcc, r-patched-solaris-x86, r-release-osx-x86_64, r-oldrel-osx-x86_64

Version: 0.0.10
Check: re-building of vignette outputs
Result: WARN
    Error(s) in re-building vignettes:
     ...
    --- re-building ‘quick_charts.Rmd’ using rmarkdown
    Warning in engine$weave(file, quiet = quiet, encoding = enc) :
     Pandoc (>= 1.12.3) and/or pandoc-citeproc not available. Falling back to R Markdown v1.
    
    Attaching package: 'dplyr'
    
    The following objects are masked from 'package:stats':
    
     filter, lag
    
    The following objects are masked from 'package:base':
    
     intersect, setdiff, setequal, union
    
    Quitting from lines 125-134 (quick_charts.Rmd)
    Error: processing vignette 'quick_charts.Rmd' failed with diagnostics:
    there is no package called 'webshot'
    --- failed re-building ‘quick_charts.Rmd’
    
    SUMMARY: processing the following file failed:
     ‘quick_charts.Rmd’
    
    Error: Vignette re-building failed.
    Execution halted
Flavor: r-patched-solaris-x86

Version: 0.0.10
Check: re-building of vignette outputs
Result: WARN
    Error(s) in re-building vignettes:
    --- re-building ‘quick_charts.Rmd’ using rmarkdown
    Warning in engine$weave(file, quiet = quiet, encoding = enc) :
     Pandoc (>= 1.12.3) and/or pandoc-citeproc not available. Falling back to R Markdown v1.
    
    Attaching package: 'dplyr'
    
    The following objects are masked from 'package:stats':
    
     filter, lag
    
    The following objects are masked from 'package:base':
    
     intersect, setdiff, setequal, union
    
    Warning in normalizePath(f2) :
     path[1]="webshot114e76fe61b6d.png": No such file or directory
    Warning in file(con, "rb") :
     cannot open file 'webshot114e76fe61b6d.png': No such file or directory
    Quitting from lines 125-134 (quick_charts.Rmd)
    Error: processing vignette 'quick_charts.Rmd' failed with diagnostics:
    cannot open the connection
    --- failed re-building ‘quick_charts.Rmd’
    
    SUMMARY: processing the following file failed:
     ‘quick_charts.Rmd’
    
    Error: Vignette re-building failed.
    Execution halted
Flavor: r-release-osx-x86_64

Version: 0.0.10
Check: whether package can be installed
Result: WARN
    Found the following significant warnings:
     Note: possible error in 'set.seed(42, sample.kind = "Rounding")': unused argument (sample.kind = "Rounding")
    See 'd:/Rcompile/CRANpkg/local/3.5/fingertipscharts.Rcheck/00install.out' for details.
    Information on the location(s) of code generating the 'Note's can be
    obtained by re-running with environment variable R_KEEP_PKG_SOURCE set
    to 'yes'.
Flavor: r-oldrel-windows-ix86+x86_64

Version: 0.0.10
Check: R code for possible problems
Result: NOTE
    create_test_data: possible error in set.seed(42, sample.kind =
     "Rounding"): unused argument (sample.kind = "Rounding")
Flavors: r-oldrel-windows-ix86+x86_64, r-oldrel-osx-x86_64

Version: 0.0.10
Check: whether package can be installed
Result: WARN
    Found the following significant warnings:
     Note: possible error in 'set.seed(42, sample.kind = "Rounding")': unused argument (sample.kind = "Rounding")
    See ‘/Volumes/SSD-Data/Builds/R-dev-web/QA/Simon/packages/el-capitan-x86_64/results/3.5/fingertipscharts.Rcheck/00install.out’ for details.
    Information on the location(s) of code generating the ‘Note’s can be
    obtained by re-running with environment variable R_KEEP_PKG_SOURCE set
    to ‘yes’.
Flavor: r-oldrel-osx-x86_64

Version: 0.0.10
Check: re-building of vignette outputs
Result: WARN
    Error in re-building vignettes:
     ...
    Warning in engine$weave(file, quiet = quiet, encoding = enc) :
     Pandoc (>= 1.12.3) and/or pandoc-citeproc not available. Falling back to R Markdown v1.
    
    Attaching package: 'dplyr'
    
    The following objects are masked from 'package:stats':
    
     filter, lag
    
    The following objects are masked from 'package:base':
    
     intersect, setdiff, setequal, union
    
    Warning in normalizePath(f2) :
     path[1]="webshot65ceda5027d.png": No such file or directory
    Warning in file(con, "rb") :
     cannot open file 'webshot65ceda5027d.png': No such file or directory
    Quitting from lines 125-134 (quick_charts.Rmd)
    Error: processing vignette 'quick_charts.Rmd' failed with diagnostics:
    cannot open the connection
    Execution halted
Flavor: r-oldrel-osx-x86_64