Last updated on 2021-04-21 05:48:35 CEST.
Flavor | Version | Tinstall | Tcheck | Ttotal | Status | Flags |
---|---|---|---|---|---|---|
r-devel-linux-x86_64-debian-clang | 0.1.0 | 7.61 | 34.38 | 41.99 | NOTE | |
r-devel-linux-x86_64-debian-gcc | 0.1.0 | 5.99 | 27.52 | 33.51 | NOTE | |
r-devel-linux-x86_64-fedora-clang | 0.1.0 | 61.25 | NOTE | |||
r-devel-linux-x86_64-fedora-gcc | 0.1.0 | 51.79 | NOTE | |||
r-devel-windows-ix86+x86_64 | 0.1.0 | 10.00 | 42.00 | 52.00 | NOTE | |
r-devel-windows-x86_64-gcc10-UCRT | 0.1.0 | NOTE | ||||
r-patched-linux-x86_64 | 0.1.0 | 7.10 | 33.62 | 40.72 | WARN | |
r-patched-solaris-x86 | 0.1.0 | 78.90 | NOTE | |||
r-release-linux-x86_64 | 0.1.0 | 7.56 | 33.92 | 41.48 | OK | |
r-release-macos-x86_64 | 0.1.0 | NOTE | ||||
r-release-windows-ix86+x86_64 | 0.1.0 | 16.00 | 42.00 | 58.00 | OK | |
r-oldrel-macos-x86_64 | 0.1.0 | NOTE | ||||
r-oldrel-windows-ix86+x86_64 | 0.1.0 | 25.00 | 55.00 | 80.00 | OK |
Version: 0.1.0
Check: LazyData
Result: NOTE
'LazyData' is specified without a 'data' directory
Flavors: r-devel-linux-x86_64-debian-clang, r-devel-linux-x86_64-debian-gcc, r-devel-linux-x86_64-fedora-clang, r-devel-linux-x86_64-fedora-gcc, r-devel-windows-ix86+x86_64, r-devel-windows-x86_64-gcc10-UCRT
Version: 0.1.0
Check: dependencies in R code
Result: NOTE
Namespace in Imports field not imported from: ‘R6’
All declared Imports should be used.
Flavors: r-devel-linux-x86_64-fedora-clang, r-devel-linux-x86_64-fedora-gcc, r-devel-windows-x86_64-gcc10-UCRT, r-patched-solaris-x86, r-release-macos-x86_64, r-oldrel-macos-x86_64
Version: 0.1.0
Check: whether package can be installed
Result: WARN
Found the following significant warnings:
Rd warning: /tmp/Rtmpb6IWBo/R.INSTALL220e66209553/firebase/man/reqSignin.Rd:10: file link ‘tags’ in package ‘shiny’ does not exist and so has been treated as a topic
Rd warning: /tmp/Rtmpb6IWBo/R.INSTALL220e66209553/firebase/man/reqSignout.Rd:10: file link ‘tags’ in package ‘shiny’ does not exist and so has been treated as a topic
Flavor: r-patched-linux-x86_64