CRAN Package Check Results for Package fishMod

Last updated on 2024-05-26 06:01:56 CEST.

Flavor Version Tinstall Tcheck Ttotal Status Flags
r-devel-linux-x86_64-debian-clang 0.29 6.21 27.88 34.09 NOTE
r-devel-linux-x86_64-debian-gcc 0.29 4.17 22.04 26.21 NOTE
r-devel-linux-x86_64-fedora-clang 0.29 46.80 NOTE
r-devel-linux-x86_64-fedora-gcc 0.29 41.49 NOTE
r-devel-windows-x86_64 0.29 6.00 52.00 58.00 NOTE
r-patched-linux-x86_64 0.29 5.33 27.43 32.76 NOTE
r-release-linux-x86_64 0.29 6.05 26.79 32.84 NOTE
r-release-macos-arm64 0.29 19.00 NOTE
r-release-windows-x86_64 0.29 7.00 51.00 58.00 NOTE
r-oldrel-macos-arm64 0.29 21.00 NOTE
r-oldrel-macos-x86_64 0.29 28.00 NOTE
r-oldrel-windows-x86_64 0.29 8.00 51.00 59.00 NOTE

Additional issues

noRemap

Check Details

Version: 0.29
Check: C++ specification
Result: NOTE Specified C++11: please drop specification unless essential Flavors: r-devel-linux-x86_64-debian-clang, r-devel-linux-x86_64-debian-gcc, r-devel-linux-x86_64-fedora-clang, r-devel-linux-x86_64-fedora-gcc, r-devel-windows-x86_64, r-patched-linux-x86_64, r-release-linux-x86_64, r-release-macos-arm64, r-release-windows-x86_64, r-oldrel-macos-arm64, r-oldrel-macos-x86_64, r-oldrel-windows-x86_64

Version: 0.29
Check: compiled code
Result: NOTE File ‘fishMod/libs/fishMod.so’: Found no calls to: ‘R_registerRoutines’, ‘R_useDynamicSymbols’ It is good practice to register native routines and to disable symbol search. See ‘Writing portable packages’ in the ‘Writing R Extensions’ manual. Flavors: r-devel-linux-x86_64-fedora-clang, r-devel-linux-x86_64-fedora-gcc