Last updated on 2024-04-19 18:05:26 CEST.
Flavor | Version | Tinstall | Tcheck | Ttotal | Status | Flags |
---|---|---|---|---|---|---|
r-devel-linux-x86_64-debian-clang | 1.5.1 | 10.45 | 189.26 | 199.71 | OK | |
r-devel-linux-x86_64-debian-gcc | 1.5.1 | OK | ||||
r-devel-linux-x86_64-fedora-clang | 1.5.1 | 238.20 | NOTE | |||
r-devel-linux-x86_64-fedora-gcc | 1.5.1 | 226.18 | OK | |||
r-prerel-macos-arm64 | 1.5.1 | 58.00 | OK | |||
r-prerel-macos-x86_64 | 1.5.1 | 202.00 | OK | |||
r-prerel-windows-x86_64 | 1.5.1 | 11.00 | 181.00 | 192.00 | ERROR | |
r-patched-linux-x86_64 | 1.5.1 | 12.32 | 181.22 | 193.54 | OK | |
r-release-linux-x86_64 | 1.5.1 | 9.24 | 181.14 | 190.38 | OK | |
r-release-macos-arm64 | 1.5.1 | 63.00 | OK | |||
r-release-macos-x86_64 | 1.5.1 | 184.00 | OK | |||
r-release-windows-x86_64 | 1.5.1 | 14.00 | 213.00 | 227.00 | OK | |
r-oldrel-macos-arm64 | 1.5.1 | 62.00 | OK | |||
r-oldrel-windows-x86_64 | 1.5.1 | 13.00 | 198.00 | 211.00 | OK |
Version: 1.5.1
Check: Rd cross-references
Result: NOTE
Undeclared package ‘extraDistr’ in Rd xrefs
Flavor: r-devel-linux-x86_64-fedora-clang
Version: 1.5.1
Check: tests
Result: ERROR
Running 'spelling.R' [0s]
Comparing 'spelling.Rout' to 'spelling.Rout.save' ...6c6
< NULL
---
> All Done!
Running 'testthat.R' [53s]
Running the tests in 'tests/testthat.R' failed.
Complete output:
> library(testthat)
> library(fitODBOD)
Hello, This is Amalan. For more details refer --> https://amalan-constat.github.io/fitODBOD/index.html
>
> test_check("fitODBOD")
[ FAIL 1 | WARN 0 | SKIP 0 | PASS 645 ]
══ Failed tests ════════════════════════════════════════════════════════════════
── Failure ('test-Overdispersion.R:69:11'): Output value expected ──────────────
round(Overdispersion(fitGHB), 4) not identical to 0.4325.
1/1 mismatches
[1] 0.432 - 0.432 == -2e-04
[ FAIL 1 | WARN 0 | SKIP 0 | PASS 645 ]
Error: Test failures
Execution halted
Flavor: r-prerel-windows-x86_64