CRAN Package Check Results for Package fitode

Last updated on 2024-07-21 11:56:42 CEST.

Flavor Version Tinstall Tcheck Ttotal Status Flags
r-devel-linux-x86_64-debian-clang 0.1.1 17.04 372.51 389.55 OK
r-devel-linux-x86_64-debian-gcc 0.1.1 10.76 262.11 272.87 NOTE
r-devel-linux-x86_64-fedora-clang 0.1.1 501.07 OK
r-devel-linux-x86_64-fedora-gcc 0.1.1 461.15 OK
r-devel-windows-x86_64 0.1.1 14.00 295.00 309.00 NOTE
r-patched-linux-x86_64 0.1.1 15.08 350.92 366.00 OK
r-release-linux-x86_64 0.1.1 15.76 358.91 374.67 OK
r-release-macos-arm64 0.1.1 121.00 OK
r-release-macos-x86_64 0.1.1 221.00 WARN
r-release-windows-x86_64 0.1.1 13.00 294.00 307.00 OK
r-oldrel-macos-arm64 0.1.1 125.00 OK
r-oldrel-macos-x86_64 0.1.1 248.00 OK
r-oldrel-windows-x86_64 0.1.1 18.00 376.00 394.00 OK

Check Details

Version: 0.1.1
Check: Rd cross-references
Result: NOTE Found the following Rd file(s) with Rd \link{} targets missing package anchors: fitode-class.Rd: mle2-class fitode.Rd: ode, ginv, mle2 fitodeMCMC.Rd: ode logLik.sensitivity.Rd: ode ode.sensitivity.Rd: ode summary-fitodeMCMC-method.Rd: effectiveSize, gelman.diag Please provide package anchors for all Rd \link{} targets not in the package itself and the base packages. Flavors: r-devel-linux-x86_64-debian-gcc, r-devel-windows-x86_64

Version: 0.1.1
Check: re-building of vignette outputs
Result: WARN Error(s) in re-building vignettes: ... --- re-building ‘fitode.Rnw’ using knitr Error: processing vignette 'fitode.Rnw' failed with diagnostics: Running 'texi2dvi' on 'fitode.tex' failed. LaTeX errors: ! Undefined control sequence. l.130 \hlkwd{library}\hldef {(ggplot2);} \hlkwd{theme_set}\hldef{(}\hlkwd{the... ? ! Emergency stop. l.130 End of file on the terminal! ! ==> Fatal error occurred, no output PDF file produced! --- failed re-building ‘fitode.Rnw’ SUMMARY: processing the following file failed: ‘fitode.Rnw’ Error: Vignette re-building failed. Execution halted Flavor: r-release-macos-x86_64