Last updated on 2024-08-31 23:49:04 CEST.
Flavor | Version | Tinstall | Tcheck | Ttotal | Status | Flags |
---|---|---|---|---|---|---|
r-devel-linux-x86_64-debian-clang | 1.8 | 12.73 | 114.79 | 127.52 | NOTE | |
r-devel-linux-x86_64-debian-gcc | 1.8 | 8.63 | 77.77 | 86.40 | NOTE | |
r-devel-linux-x86_64-fedora-clang | 1.8 | 205.85 | NOTE | |||
r-devel-linux-x86_64-fedora-gcc | 1.8 | 212.49 | NOTE | |||
r-devel-windows-x86_64 | 1.8 | 16.00 | 121.00 | 137.00 | NOTE | |
r-patched-linux-x86_64 | 1.8 | 11.41 | 106.56 | 117.97 | NOTE | |
r-release-linux-x86_64 | 1.8 | 12.91 | 105.54 | 118.45 | NOTE | |
r-release-macos-arm64 | 1.8 | 54.00 | NOTE | |||
r-release-macos-x86_64 | 1.8 | 98.00 | NOTE | |||
r-release-windows-x86_64 | 1.8 | 14.00 | 122.00 | 136.00 | NOTE | |
r-oldrel-macos-arm64 | 1.8 | 62.00 | OK | |||
r-oldrel-macos-x86_64 | 1.8 | 102.00 | OK | |||
r-oldrel-windows-x86_64 | 1.8 | 19.00 | 143.00 | 162.00 | OK |
Version: 1.8
Check: Rd files
Result: NOTE
checkRd: (-1) convertInitDesignToGrid.Rd:11: Lost braces; missing escapes or markup?
11 | The initial design, consisting of \code{d + 1} columns ({d} dimensions and
| ^
Flavors: r-devel-linux-x86_64-debian-clang, r-devel-linux-x86_64-debian-gcc, r-devel-linux-x86_64-fedora-clang, r-devel-linux-x86_64-fedora-gcc, r-devel-windows-x86_64, r-patched-linux-x86_64, r-release-linux-x86_64, r-release-macos-arm64, r-release-macos-x86_64, r-release-windows-x86_64