CRAN Package Check Results for Package flametree

Last updated on 2021-10-20 11:52:45 CEST.

Flavor Version Tinstall Tcheck Ttotal Status Flags
r-devel-linux-x86_64-debian-clang 0.1.2 2.58 38.26 40.84 OK
r-devel-linux-x86_64-debian-gcc 0.1.2 2.06 29.61 31.67 OK
r-devel-linux-x86_64-fedora-clang 0.1.2 59.88 NOTE
r-devel-linux-x86_64-fedora-gcc 0.1.2 48.42 NOTE
r-devel-windows-x86_64 0.1.2 5.00 58.00 63.00 OK
r-devel-windows-x86_64-gcc10-UCRT 0.1.2 NOTE
r-patched-linux-x86_64 0.1.2 2.43 37.20 39.63 OK
r-patched-solaris-x86 0.1.2 65.30 NOTE
r-release-linux-x86_64 0.1.2 2.12 37.31 39.43 OK
r-release-macos-arm64 0.1.2 NOTE
r-release-macos-x86_64 0.1.2 NOTE
r-release-windows-ix86+x86_64 0.1.2 5.00 61.00 66.00 OK
r-oldrel-macos-x86_64 0.1.2 NOTE
r-oldrel-windows-ix86+x86_64 0.1.2 6.00 57.00 63.00 OK

Check Details

Version: 0.1.2
Check: dependencies in R code
Result: NOTE
    Namespace in Imports field not imported from: ‘paletteer’
     All declared Imports should be used.
Flavors: r-devel-linux-x86_64-fedora-clang, r-devel-linux-x86_64-fedora-gcc, r-devel-windows-x86_64-gcc10-UCRT, r-patched-solaris-x86, r-release-macos-arm64, r-release-macos-x86_64, r-oldrel-macos-x86_64