Last updated on 2024-08-16 11:49:40 CEST.
Flavor | Version | Tinstall | Tcheck | Ttotal | Status | Flags |
---|---|---|---|---|---|---|
r-devel-linux-x86_64-debian-clang | 0.1.0 | 42.44 | 138.10 | 180.54 | NOTE | |
r-devel-linux-x86_64-debian-gcc | 0.1.0 | 29.33 | 89.42 | 118.75 | NOTE | |
r-devel-linux-x86_64-fedora-clang | 0.1.0 | 316.01 | NOTE | |||
r-devel-linux-x86_64-fedora-gcc | 0.1.0 | 324.88 | NOTE | |||
r-devel-windows-x86_64 | 0.1.0 | 48.00 | 173.00 | 221.00 | NOTE | |
r-patched-linux-x86_64 | 0.1.0 | 39.53 | 130.82 | 170.35 | NOTE | |
r-release-linux-x86_64 | 0.1.0 | 41.85 | 130.88 | 172.73 | NOTE | |
r-release-macos-arm64 | 0.1.0 | 77.00 | NOTE | |||
r-release-macos-x86_64 | 0.1.0 | 147.00 | NOTE | |||
r-release-windows-x86_64 | 0.1.0 | 48.00 | 175.00 | 223.00 | NOTE | |
r-oldrel-macos-arm64 | 0.1.0 | 85.00 | NOTE | |||
r-oldrel-macos-x86_64 | 0.1.0 | 176.00 | NOTE | |||
r-oldrel-windows-x86_64 | 0.1.0 | 56.00 | 207.00 | 263.00 | NOTE |
Version: 0.1.0
Check: C++ specification
Result: NOTE
Specified C++11: please drop specification unless essential
Flavors: r-devel-linux-x86_64-debian-clang, r-devel-linux-x86_64-debian-gcc, r-devel-linux-x86_64-fedora-clang, r-devel-linux-x86_64-fedora-gcc, r-devel-windows-x86_64, r-patched-linux-x86_64, r-release-linux-x86_64, r-release-macos-arm64, r-release-macos-x86_64, r-release-windows-x86_64, r-oldrel-macos-arm64, r-oldrel-macos-x86_64, r-oldrel-windows-x86_64
Version: 0.1.0
Check: Rd files
Result: NOTE
checkRd: (-1) ModelMixHMM-class.Rd:31: Lost braces; missing escapes or markup?
31 | \code{smoothed} of class {StatMixHMM}).
| ^
checkRd: (-1) ModelMixHMMR-class.Rd:31: Lost braces; missing escapes or markup?
31 | \code{smoothed} of class {StatMixHMMR}).
| ^
Flavors: r-devel-linux-x86_64-debian-clang, r-devel-linux-x86_64-debian-gcc, r-devel-linux-x86_64-fedora-clang, r-devel-linux-x86_64-fedora-gcc, r-devel-windows-x86_64, r-patched-linux-x86_64, r-release-linux-x86_64, r-release-macos-arm64, r-release-macos-x86_64, r-release-windows-x86_64
Version: 0.1.0
Check: installed package size
Result: NOTE
installed size is 5.8Mb
sub-directories of 1Mb or more:
doc 1.9Mb
help 2.3Mb
libs 1.2Mb
Flavors: r-devel-windows-x86_64, r-release-macos-arm64, r-release-macos-x86_64, r-release-windows-x86_64, r-oldrel-macos-arm64, r-oldrel-macos-x86_64, r-oldrel-windows-x86_64