CRAN Package Check Results for Package flattabler

Last updated on 2021-10-20 11:52:45 CEST.

Flavor Version Tinstall Tcheck Ttotal Status Flags
r-devel-linux-x86_64-debian-clang 1.2.0 3.16 41.48 44.64 OK
r-devel-linux-x86_64-debian-gcc 1.2.0 2.61 31.97 34.58 OK
r-devel-linux-x86_64-fedora-clang 1.2.0 65.53 NOTE
r-devel-linux-x86_64-fedora-gcc 1.2.0 54.75 NOTE
r-devel-windows-x86_64 1.2.0 6.00 69.00 75.00 OK
r-devel-windows-x86_64-gcc10-UCRT 1.2.0 NOTE
r-patched-linux-x86_64 1.2.0 3.53 40.16 43.69 OK
r-patched-solaris-x86 1.2.0 77.30 NOTE
r-release-linux-x86_64 1.2.0 2.91 40.38 43.29 OK
r-release-macos-arm64 1.2.0 NOTE
r-release-macos-x86_64 1.2.0 NOTE
r-release-windows-ix86+x86_64 1.2.0 13.00 63.00 76.00 OK
r-oldrel-macos-x86_64 1.2.0 NOTE
r-oldrel-windows-ix86+x86_64 1.2.0 7.00 66.00 73.00 OK

Check Details

Version: 1.2.0
Check: dependencies in R code
Result: NOTE
    Namespace in Imports field not imported from: ‘tidyr’
     All declared Imports should be used.
Flavors: r-devel-linux-x86_64-fedora-clang, r-devel-linux-x86_64-fedora-gcc, r-devel-windows-x86_64-gcc10-UCRT, r-patched-solaris-x86, r-release-macos-arm64, r-release-macos-x86_64, r-oldrel-macos-x86_64

Version: 1.2.0
Check: data for non-ASCII characters
Result: NOTE
     Note: found 82 marked UTF-8 strings
Flavors: r-devel-linux-x86_64-fedora-clang, r-devel-linux-x86_64-fedora-gcc, r-devel-windows-x86_64-gcc10-UCRT, r-patched-solaris-x86, r-release-macos-arm64, r-release-macos-x86_64, r-oldrel-macos-x86_64