Last updated on 2024-08-31 23:49:04 CEST.
Flavor | Version | Tinstall | Tcheck | Ttotal | Status | Flags |
---|---|---|---|---|---|---|
r-devel-linux-x86_64-debian-clang | 1.3.1 | 10.23 | 100.45 | 110.68 | NOTE | |
r-devel-linux-x86_64-debian-gcc | 1.3.1 | 6.96 | 69.51 | 76.47 | NOTE | |
r-devel-linux-x86_64-fedora-clang | 1.3.1 | 176.69 | OK | |||
r-devel-linux-x86_64-fedora-gcc | 1.3.1 | 176.25 | OK | |||
r-devel-windows-x86_64 | 1.3.1 | 11.00 | 106.00 | 117.00 | NOTE | |
r-patched-linux-x86_64 | 1.3.1 | 13.54 | 92.63 | 106.17 | OK | |
r-release-linux-x86_64 | 1.3.1 | 8.63 | 92.05 | 100.68 | OK | |
r-release-macos-arm64 | 1.3.1 | 53.00 | OK | |||
r-release-macos-x86_64 | 1.3.1 | 153.00 | OK | |||
r-release-windows-x86_64 | 1.3.1 | 11.00 | 109.00 | 120.00 | OK | |
r-oldrel-macos-arm64 | 1.3.1 | 58.00 | OK | |||
r-oldrel-macos-x86_64 | 1.3.1 | 92.00 | OK | |||
r-oldrel-windows-x86_64 | 1.3.1 | 14.00 | 127.00 | 141.00 | OK |
Version: 1.3.1
Check: Rd cross-references
Result: NOTE
Found the following Rd file(s) with Rd \link{} targets missing package
anchors:
flexsurvcure.Rd: Surv, flexsurvreg, survreg
Please provide package anchors for all Rd \link{} targets not in the
package itself and the base packages.
Flavors: r-devel-linux-x86_64-debian-clang, r-devel-linux-x86_64-debian-gcc, r-devel-windows-x86_64