Last updated on 2023-03-23 17:52:15 CET.
Flavor | Version | Tinstall | Tcheck | Ttotal | Status | Flags |
---|---|---|---|---|---|---|
r-devel-linux-x86_64-debian-clang | 0.1.0 | 5.87 | 50.85 | 56.72 | OK | |
r-devel-linux-x86_64-debian-gcc | 0.1.0 | 5.21 | 38.38 | 43.59 | OK | |
r-devel-linux-x86_64-fedora-clang | 0.1.0 | 72.29 | NOTE | |||
r-devel-linux-x86_64-fedora-gcc | 0.1.0 | 64.74 | NOTE | |||
r-patched-linux-x86_64 | 0.1.0 | 6.84 | 50.13 | 56.97 | OK | |
r-release-linux-x86_64 | 0.1.0 | 6.40 | 50.20 | 56.60 | OK | |
r-release-macos-arm64 | 0.1.0 | 25.00 | NOTE | |||
r-release-macos-x86_64 | 0.1.0 | 49.00 | NOTE | |||
r-release-windows-x86_64 | 0.1.0 | 19.00 | 82.00 | 101.00 | OK | |
r-oldrel-macos-arm64 | 0.1.0 | 30.00 | NOTE | |||
r-oldrel-macos-x86_64 | 0.1.0 | 38.00 | NOTE | |||
r-oldrel-windows-ix86+x86_64 | 0.1.0 | 15.00 | 76.00 | 91.00 | OK |
Version: 0.1.0
Check: data for non-ASCII characters
Result: NOTE
Note: found 710 marked UTF-8 strings
Flavors: r-devel-linux-x86_64-fedora-clang, r-devel-linux-x86_64-fedora-gcc, r-release-macos-arm64, r-release-macos-x86_64, r-oldrel-macos-arm64, r-oldrel-macos-x86_64