CRAN Package Check Results for Package flobr

Last updated on 2022-05-18 18:52:21 CEST.

Flavor Version Tinstall Tcheck Ttotal Status Flags
r-devel-linux-x86_64-debian-clang 0.2.2 3.90 55.02 58.92 OK
r-devel-linux-x86_64-debian-gcc 0.2.2 2.70 43.58 46.28 OK
r-devel-linux-x86_64-fedora-clang 0.2.2 71.05 OK
r-devel-linux-x86_64-fedora-gcc 0.2.2 70.08 OK
r-devel-windows-x86_64 0.2.2 13.00 78.00 91.00 OK
r-patched-linux-x86_64 0.2.2 3.82 54.32 58.14 OK
r-release-linux-x86_64 0.2.2 3.15 53.31 56.46 OK
r-release-macos-arm64 0.2.2 21.00 OK
r-release-macos-x86_64 0.2.2 33.00 OK
r-release-windows-x86_64 0.2.2 15.00 77.00 92.00 OK
r-oldrel-macos-arm64 0.2.2 22.00 OK
r-oldrel-macos-x86_64 0.2.2 32.00 OK
r-oldrel-windows-ix86+x86_64 0.2.2 6.00 9.00 15.00 ERROR

Check Details

Version: 0.2.2
Check: whether package can be installed
Result: ERROR
    Installation failed.
Flavor: r-oldrel-windows-ix86+x86_64