CRAN Package Check Results for Package flock

Last updated on 2024-05-29 06:57:01 CEST.

Flavor Version Tinstall Tcheck Ttotal Status Flags
r-devel-linux-x86_64-debian-clang 0.7 22.04 27.06 49.10 OK
r-devel-linux-x86_64-debian-gcc 0.7 13.67 20.81 34.48 OK
r-devel-linux-x86_64-fedora-clang 0.7 66.87 NOTE
r-devel-linux-x86_64-fedora-gcc 0.7 62.58 NOTE
r-devel-windows-x86_64 0.7 19.00 58.00 77.00 OK
r-patched-linux-x86_64 0.7 14.86 25.77 40.63 OK
r-release-linux-x86_64 0.7 15.34 26.21 41.55 OK
r-release-macos-arm64 0.7 21.00 OK
r-release-windows-x86_64 0.7 20.00 59.00 79.00 OK
r-oldrel-macos-arm64 0.7 22.00 OK
r-oldrel-macos-x86_64 0.7 32.00 OK
r-oldrel-windows-x86_64 0.7 22.00 71.00 93.00 OK

Check Details

Version: 0.7
Check: compiled code
Result: NOTE File ‘flock/libs/flock.so’: Found no calls to: ‘R_registerRoutines’, ‘R_useDynamicSymbols’ It is good practice to register native routines and to disable symbol search. See ‘Writing portable packages’ in the ‘Writing R Extensions’ manual. Flavors: r-devel-linux-x86_64-fedora-clang, r-devel-linux-x86_64-fedora-gcc