CRAN Package Check Results for Package flora

Last updated on 2020-12-02 05:48:04 CET.

Flavor Version Tinstall Tcheck Ttotal Status Flags
r-devel-linux-x86_64-debian-clang 0.3.4 51.32 59.63 110.95 OK
r-devel-linux-x86_64-debian-gcc 0.3.4 37.42 48.70 86.12 OK
r-devel-linux-x86_64-fedora-clang 0.3.4 138.11 NOTE
r-devel-linux-x86_64-fedora-gcc 0.3.4 126.58 OK
r-devel-windows-ix86+x86_64 0.3.4 65.00 71.00 136.00 NOTE
r-patched-linux-x86_64 0.3.4 41.14 55.45 96.59 OK
r-patched-solaris-x86 0.3.4 231.70 NOTE
r-release-linux-x86_64 0.3.4 41.04 56.69 97.73 OK
r-release-macos-x86_64 0.3.4 NOTE
r-release-windows-ix86+x86_64 0.3.4 57.00 58.00 115.00 NOTE
r-oldrel-macos-x86_64 0.3.4 NOTE
r-oldrel-windows-ix86+x86_64 0.3.4 65.00 69.00 134.00 NOTE

Check Details

Version: 0.3.4
Check: installed package size
Result: NOTE
     installed size is 7.2Mb
     sub-directories of 1Mb or more:
     R 7.0Mb
Flavors: r-devel-linux-x86_64-fedora-clang, r-devel-windows-ix86+x86_64, r-patched-solaris-x86, r-release-macos-x86_64, r-release-windows-ix86+x86_64, r-oldrel-macos-x86_64, r-oldrel-windows-ix86+x86_64