Last updated on 2024-08-16 11:49:40 CEST.
Flavor | Version | Tinstall | Tcheck | Ttotal | Status | Flags |
---|---|---|---|---|---|---|
r-devel-linux-x86_64-debian-clang | 0.9.11 | 8.81 | 70.87 | 79.68 | NOTE | |
r-devel-linux-x86_64-debian-gcc | 0.9.11 | 5.10 | 50.27 | 55.37 | NOTE | |
r-devel-linux-x86_64-fedora-clang | 0.9.11 | 127.11 | NOTE | |||
r-devel-linux-x86_64-fedora-gcc | 0.9.11 | 132.21 | NOTE | |||
r-devel-windows-x86_64 | 0.9.11 | 9.00 | 95.00 | 104.00 | NOTE | |
r-patched-linux-x86_64 | 0.9.11 | 15.08 | 65.85 | 80.93 | NOTE | |
r-release-linux-x86_64 | 0.9.11 | 7.71 | 66.97 | 74.68 | NOTE | |
r-release-macos-arm64 | 0.9.11 | 47.00 | NOTE | |||
r-release-macos-x86_64 | 0.9.11 | 67.00 | NOTE | |||
r-release-windows-x86_64 | 0.9.11 | 9.00 | 96.00 | 105.00 | NOTE | |
r-oldrel-macos-arm64 | 0.9.11 | 46.00 | OK | |||
r-oldrel-macos-x86_64 | 0.9.11 | 72.00 | OK | |||
r-oldrel-windows-x86_64 | 0.9.11 | 12.00 | 104.00 | 116.00 | OK |
Version: 0.9.11
Check: Rd files
Result: NOTE
checkRd: (-1) to_flow.Rd:110-117: Lost braces
110 | \strong{Behaviour:}{
| ^
checkRd: (-1) to_flowdef.Rd:111-115: Lost braces
111 | {
| ^
Flavors: r-devel-linux-x86_64-debian-clang, r-devel-linux-x86_64-debian-gcc, r-devel-linux-x86_64-fedora-clang, r-devel-linux-x86_64-fedora-gcc, r-devel-windows-x86_64, r-patched-linux-x86_64, r-release-linux-x86_64, r-release-macos-arm64, r-release-macos-x86_64, r-release-windows-x86_64
Version: 0.9.11
Check: Rd cross-references
Result: NOTE
Found the following Rd file(s) with Rd \link{} targets missing package
anchors:
whisker_render.Rd: whisker.render
Please provide package anchors for all Rd \link{} targets not in the
package itself and the base packages.
Flavors: r-devel-linux-x86_64-debian-clang, r-devel-linux-x86_64-debian-gcc, r-devel-windows-x86_64