CRAN Package Check Results for Package fmdates

Last updated on 2024-05-21 11:53:33 CEST.

Flavor Version Tinstall Tcheck Ttotal Status Flags
r-devel-linux-x86_64-debian-clang 0.1.4 7.87 62.34 70.21 NOTE
r-devel-linux-x86_64-debian-gcc 0.1.4 4.55 45.72 50.27 NOTE
r-devel-linux-x86_64-fedora-clang 0.1.4 85.52 NOTE
r-devel-linux-x86_64-fedora-gcc 0.1.4 91.02 NOTE
r-devel-windows-x86_64 0.1.4 6.00 67.00 73.00 NOTE
r-patched-linux-x86_64 0.1.4 8.59 59.28 67.87 NOTE
r-release-linux-x86_64 0.1.4 6.15 59.40 65.55 NOTE
r-release-macos-arm64 0.1.4 31.00 NOTE
r-release-windows-x86_64 0.1.4 6.00 67.00 73.00 NOTE
r-oldrel-macos-arm64 0.1.4 31.00 NOTE
r-oldrel-macos-x86_64 0.1.4 49.00 NOTE
r-oldrel-windows-x86_64 0.1.4 7.00 74.00 81.00 NOTE

Check Details

Version: 0.1.4
Check: LazyData
Result: NOTE 'LazyData' is specified without a 'data' directory Flavors: r-devel-linux-x86_64-debian-clang, r-devel-linux-x86_64-debian-gcc, r-devel-linux-x86_64-fedora-clang, r-devel-linux-x86_64-fedora-gcc, r-devel-windows-x86_64, r-patched-linux-x86_64, r-release-linux-x86_64, r-release-macos-arm64, r-release-windows-x86_64, r-oldrel-macos-arm64, r-oldrel-macos-x86_64, r-oldrel-windows-x86_64