CRAN Package Check Results for Package fmerPack

Last updated on 2021-06-20 11:51:16 CEST.

Flavor Version Tinstall Tcheck Ttotal Status Flags
r-devel-linux-x86_64-debian-clang 0.0-1 42.92 95.07 137.99 OK
r-devel-linux-x86_64-debian-gcc 0.0-1 28.96 72.03 100.99 OK
r-devel-linux-x86_64-fedora-clang 0.0-1 180.98 NOTE
r-devel-linux-x86_64-fedora-gcc 0.0-1 164.95 NOTE
r-devel-windows-x86_64 0.0-1 67.00 122.00 189.00 OK
r-devel-windows-x86_64-gcc10-UCRT 0.0-1 NOTE
r-patched-linux-x86_64 0.0-1 37.37 91.49 128.86 OK
r-patched-solaris-x86 0.0-1 202.40 NOTE
r-release-linux-x86_64 0.0-1 33.25 93.12 126.37 OK
r-release-macos-arm64 0.0-1 NOTE
r-release-macos-x86_64 0.0-1 NOTE
r-release-windows-ix86+x86_64 0.0-1 97.00 165.00 262.00 OK
r-oldrel-macos-x86_64 0.0-1 NOTE
r-oldrel-windows-ix86+x86_64 0.0-1 70.00 171.00 241.00 OK

Check Details

Version: 0.0-1
Check: dependencies in R code
Result: NOTE
    Namespace in Imports field not imported from: ‘MASS’
     All declared Imports should be used.
Flavors: r-devel-linux-x86_64-fedora-clang, r-devel-linux-x86_64-fedora-gcc, r-devel-windows-x86_64-gcc10-UCRT, r-patched-solaris-x86, r-release-macos-arm64, r-release-macos-x86_64, r-oldrel-macos-x86_64