CRAN Package Check Results for Package foieGras

Last updated on 2019-10-18 23:49:40 CEST.

Flavor Version Tinstall Tcheck Ttotal Status Flags
r-devel-linux-x86_64-debian-clang 0.4.0 119.66 155.65 275.31 OK
r-devel-linux-x86_64-debian-gcc 0.4.0 102.65 120.16 222.81 OK
r-devel-linux-x86_64-fedora-clang 0.4.0 365.13 NOTE
r-devel-linux-x86_64-fedora-gcc 0.4.0 355.93 OK
r-devel-windows-ix86+x86_64 0.4.0 247.00 356.00 603.00 NOTE
r-patched-linux-x86_64 0.4.0 103.49 150.15 253.64 OK
r-patched-solaris-x86 0.4.0 417.30 OK
r-release-linux-x86_64 0.4.0 105.18 154.14 259.32 OK
r-release-windows-ix86+x86_64 0.4.0 171.00 233.00 404.00 NOTE
r-release-osx-x86_64 0.4.0 NOTE
r-oldrel-windows-ix86+x86_64 0.4.0 155.00 222.00 377.00 NOTE
r-oldrel-osx-x86_64 0.4.0 NOTE

Additional issues

clang-UBSAN

Check Details

Version: 0.4.0
Check: installed package size
Result: NOTE
     installed size is 33.1Mb
     sub-directories of 1Mb or more:
     libs 31.8Mb
Flavors: r-devel-linux-x86_64-fedora-clang, r-devel-windows-ix86+x86_64, r-release-windows-ix86+x86_64, r-release-osx-x86_64, r-oldrel-windows-ix86+x86_64, r-oldrel-osx-x86_64