Last updated on 2023-09-30 06:08:40 CEST.
Flavor | Version | Tinstall | Tcheck | Ttotal | Status | Flags |
---|---|---|---|---|---|---|
r-devel-linux-x86_64-debian-clang | 1.3.0 | 2.55 | 25.58 | 28.13 | OK | |
r-devel-linux-x86_64-debian-gcc | 1.3.0 | 2.39 | 19.98 | 22.37 | OK | |
r-devel-linux-x86_64-fedora-clang | 1.3.0 | 34.65 | NOTE | |||
r-devel-linux-x86_64-fedora-gcc | 1.3.0 | 34.42 | NOTE | |||
r-devel-windows-x86_64 | 1.3.0 | 4.00 | 43.00 | 47.00 | OK | |
r-patched-linux-x86_64 | 1.3.0 | 4.00 | 25.00 | 29.00 | OK | |
r-release-linux-x86_64 | 1.3.0 | 2.81 | 24.87 | 27.68 | OK | |
r-release-macos-arm64 | 1.3.0 | 16.00 | OK | |||
r-release-macos-x86_64 | 1.3.0 | 21.00 | OK | |||
r-release-windows-x86_64 | 1.3.0 | 4.00 | 47.00 | 51.00 | OK | |
r-oldrel-macos-arm64 | 1.3.0 | 18.00 | OK | |||
r-oldrel-macos-x86_64 | 1.3.0 | 24.00 | NOTE | |||
r-oldrel-windows-x86_64 | 1.3.0 | 29.00 | 56.00 | 85.00 | OK |
Version: 1.3.0
Check: data for non-ASCII characters
Result: NOTE
Note: found 446 marked UTF-8 strings
Flavors: r-devel-linux-x86_64-fedora-clang, r-devel-linux-x86_64-fedora-gcc, r-oldrel-macos-x86_64