CRAN Package Check Results for Package foqat

Last updated on 2021-10-19 05:51:00 CEST.

Flavor Version Tinstall Tcheck Ttotal Status Flags
r-devel-linux-x86_64-debian-clang 1.7.1 9.06 78.63 87.69 OK
r-devel-linux-x86_64-debian-gcc 1.7.1 7.18 59.20 66.38 OK
r-devel-linux-x86_64-fedora-clang 1.7.1 120.96 NOTE
r-devel-linux-x86_64-fedora-gcc 1.7.1 103.39 NOTE
r-devel-windows-x86_64 1.7.1 16.00 100.00 116.00 OK
r-devel-windows-x86_64-gcc10-UCRT 1.7.1 NOTE
r-patched-linux-x86_64 1.7.1 9.15 74.96 84.11 OK
r-patched-solaris-x86 1.7.1 144.70 NOTE
r-release-linux-x86_64 1.7.1 8.43 75.75 84.18 OK
r-release-macos-arm64 1.7.1 NOTE
r-release-macos-x86_64 1.7.1 NOTE
r-release-windows-ix86+x86_64 1.7.1 22.00 99.00 121.00 OK
r-oldrel-macos-x86_64 1.7.1 NOTE
r-oldrel-windows-ix86+x86_64 1.7.1 21.00 100.00 121.00 OK

Check Details

Version: 1.7.1
Check: dependencies in R code
Result: NOTE
    Namespace in Imports field not imported from: ‘ggprism’
     All declared Imports should be used.
Flavors: r-devel-linux-x86_64-fedora-clang, r-devel-linux-x86_64-fedora-gcc, r-devel-windows-x86_64-gcc10-UCRT, r-patched-solaris-x86, r-release-macos-arm64, r-release-macos-x86_64, r-oldrel-macos-x86_64