CRAN Package Check Results for Package foreach

Last updated on 2022-08-10 17:50:05 CEST.

Flavor Version Tinstall Tcheck Ttotal Status Flags
r-devel-linux-x86_64-debian-clang 1.5.2 2.73 55.80 58.53 OK
r-devel-linux-x86_64-debian-gcc 1.5.2 2.17 41.34 43.51 OK
r-devel-linux-x86_64-fedora-clang 1.5.2 79.87 OK
r-devel-linux-x86_64-fedora-gcc 1.5.2 77.13 OK
r-devel-windows-x86_64 1.5.2 26.00 165.00 191.00 NOTE
r-patched-linux-x86_64 1.5.2 2.65 52.94 55.59 OK
r-release-linux-x86_64 1.5.2 OK
r-release-macos-arm64 1.5.2 103.00 OK
r-release-macos-x86_64 1.5.2 114.00 OK
r-release-windows-x86_64 1.5.2 23.00 173.00 196.00 NOTE
r-oldrel-macos-arm64 1.5.2 100.00 OK
r-oldrel-macos-x86_64 1.5.2 112.00 OK
r-oldrel-windows-ix86+x86_64 1.5.2 6.00 162.00 168.00 NOTE

Check Details

Version: 1.5.2
Check: package dependencies
Result: NOTE
    Package suggested but not available for checking: 'doMC'
Flavors: r-devel-windows-x86_64, r-release-windows-x86_64, r-oldrel-windows-ix86+x86_64