Last updated on 2023-06-04 17:54:32 CEST.
Flavor | Version | Tinstall | Tcheck | Ttotal | Status | Flags |
---|---|---|---|---|---|---|
r-devel-linux-x86_64-debian-clang | 1.5.2 | 3.23 | 53.88 | 57.11 | OK | |
r-devel-linux-x86_64-debian-gcc | 1.5.2 | 2.29 | 42.47 | 44.76 | OK | |
r-devel-linux-x86_64-fedora-clang | 1.5.2 | 71.78 | OK | |||
r-devel-linux-x86_64-fedora-gcc | 1.5.2 | 79.00 | OK | |||
r-devel-windows-x86_64 | 1.5.2 | 5.00 | 140.00 | 145.00 | NOTE | |
r-patched-linux-x86_64 | 1.5.2 | 3.15 | 52.82 | 55.97 | OK | |
r-release-linux-x86_64 | 1.5.2 | 2.56 | 53.17 | 55.73 | OK | |
r-release-macos-arm64 | 1.5.2 | 111.00 | OK | |||
r-release-macos-x86_64 | 1.5.2 | 122.00 | OK | |||
r-release-windows-x86_64 | 1.5.2 | 5.00 | 148.00 | 153.00 | NOTE | |
r-oldrel-macos-arm64 | 1.5.2 | 105.00 | OK | |||
r-oldrel-macos-x86_64 | 1.5.2 | 114.00 | OK | |||
r-oldrel-windows-x86_64 | 1.5.2 | 5.00 | 149.00 | 154.00 | NOTE |
Version: 1.5.2
Check: package dependencies
Result: NOTE
Package suggested but not available for checking: 'doMC'
Flavors: r-devel-windows-x86_64, r-release-windows-x86_64, r-oldrel-windows-x86_64