CRAN Package Check Results for Package forecTheta

Last updated on 2024-07-19 17:54:29 CEST.

Flavor Version Tinstall Tcheck Ttotal Status Flags
r-devel-linux-x86_64-debian-clang 2.6.2 10.41 79.97 90.38 NOTE
r-devel-linux-x86_64-debian-gcc 2.6.2 6.41 58.73 65.14 NOTE
r-devel-linux-x86_64-fedora-clang 2.6.2 112.86 NOTE
r-devel-linux-x86_64-fedora-gcc 2.6.2 101.85 NOTE
r-devel-windows-x86_64 2.6.2 11.00 74.00 85.00 NOTE
r-patched-linux-x86_64 2.6.2 7.30 75.96 83.26 NOTE
r-release-linux-x86_64 2.6.2 5.66 73.74 79.40 NOTE
r-release-macos-arm64 2.6.2 29.00 NOTE
r-release-macos-x86_64 2.6.2 47.00 NOTE
r-release-windows-x86_64 2.6.2 8.00 74.00 82.00 NOTE
r-oldrel-macos-arm64 2.6.2 33.00 OK
r-oldrel-macos-x86_64 2.6.2 51.00 OK
r-oldrel-windows-x86_64 2.6.2 11.00 83.00 94.00 OK

Check Details

Version: 2.6.2
Check: Rd files
Result: NOTE checkRd: (-1) errorMetricFunctions.Rd:48: Lost braces 48 | The metric MdAE is obtained using code{type = "AE"} and \code{statistic = "Md"} | ^ Flavors: r-devel-linux-x86_64-debian-clang, r-devel-linux-x86_64-debian-gcc, r-devel-linux-x86_64-fedora-clang, r-devel-linux-x86_64-fedora-gcc, r-devel-windows-x86_64, r-patched-linux-x86_64, r-release-linux-x86_64, r-release-macos-arm64, r-release-macos-x86_64, r-release-windows-x86_64