CRAN Package Check Results for Package forestRK

Last updated on 2021-07-27 17:50:54 CEST.

Flavor Version Tinstall Tcheck Ttotal Status Flags
r-devel-linux-x86_64-debian-clang 0.0-5 11.00 135.75 146.75 OK
r-devel-linux-x86_64-debian-gcc 0.0-5 9.17 98.86 108.03 OK
r-devel-linux-x86_64-fedora-clang 0.0-5 182.79 NOTE
r-devel-linux-x86_64-fedora-gcc 0.0-5 166.08 NOTE
r-devel-windows-x86_64 0.0-5 18.00 164.00 182.00 OK
r-devel-windows-x86_64-gcc10-UCRT 0.0-5 NOTE
r-patched-linux-x86_64 0.0-5 11.16 128.11 139.27 OK
r-patched-solaris-x86 0.0-5 202.20 NOTE
r-release-linux-x86_64 0.0-5 10.37 125.52 135.89 OK
r-release-macos-arm64 0.0-5 NOTE
r-release-macos-x86_64 0.0-5 NOTE
r-release-windows-ix86+x86_64 0.0-5 26.00 116.00 142.00 OK
r-oldrel-macos-x86_64 0.0-5 NOTE
r-oldrel-windows-ix86+x86_64 0.0-5 21.00 163.00 184.00 OK

Check Details

Version: 0.0-5
Check: dependencies in R code
Result: NOTE
    Namespace in Imports field not imported from: ‘pkgKitten’
     All declared Imports should be used.
Flavors: r-devel-linux-x86_64-fedora-clang, r-devel-linux-x86_64-fedora-gcc, r-devel-windows-x86_64-gcc10-UCRT, r-patched-solaris-x86, r-release-macos-arm64, r-release-macos-x86_64, r-oldrel-macos-x86_64