Last updated on 2024-08-16 11:49:40 CEST.
Flavor | Version | Tinstall | Tcheck | Ttotal | Status | Flags |
---|---|---|---|---|---|---|
r-devel-linux-x86_64-debian-clang | 0.2.1 | 3.69 | 42.69 | 46.38 | NOTE | |
r-devel-linux-x86_64-debian-gcc | 0.2.1 | 2.61 | 31.35 | 33.96 | NOTE | |
r-devel-linux-x86_64-fedora-clang | 0.2.1 | 73.77 | NOTE | |||
r-devel-linux-x86_64-fedora-gcc | 0.2.1 | 83.26 | NOTE | |||
r-devel-windows-x86_64 | 0.2.1 | 5.00 | 70.00 | 75.00 | NOTE | |
r-patched-linux-x86_64 | 0.2.1 | 3.89 | 39.99 | 43.88 | NOTE | |
r-release-linux-x86_64 | 0.2.1 | 3.63 | 40.62 | 44.25 | NOTE | |
r-release-macos-arm64 | 0.2.1 | 32.00 | NOTE | |||
r-release-macos-x86_64 | 0.2.1 | 48.00 | NOTE | |||
r-release-windows-x86_64 | 0.2.1 | 5.00 | 70.00 | 75.00 | NOTE | |
r-oldrel-macos-arm64 | 0.2.1 | 34.00 | NOTE | |||
r-oldrel-macos-x86_64 | 0.2.1 | 51.00 | NOTE | |||
r-oldrel-windows-x86_64 | 0.2.1 | 7.00 | 76.00 | 83.00 | NOTE |
Version: 0.2.1
Check: LazyData
Result: NOTE
'LazyData' is specified without a 'data' directory
Flavors: r-devel-linux-x86_64-debian-clang, r-devel-linux-x86_64-debian-gcc, r-devel-linux-x86_64-fedora-clang, r-devel-linux-x86_64-fedora-gcc, r-devel-windows-x86_64, r-patched-linux-x86_64, r-release-linux-x86_64, r-release-macos-arm64, r-release-macos-x86_64, r-release-windows-x86_64, r-oldrel-macos-arm64, r-oldrel-macos-x86_64, r-oldrel-windows-x86_64