Last updated on 2021-04-20 17:50:46 CEST.
Flavor | Version | Tinstall | Tcheck | Ttotal | Status | Flags |
---|---|---|---|---|---|---|
r-devel-linux-x86_64-debian-clang | 0.2.1 | 3.85 | 44.43 | 48.28 | NOTE | |
r-devel-linux-x86_64-debian-gcc | 0.2.1 | 2.42 | 35.13 | 37.55 | NOTE | |
r-devel-linux-x86_64-fedora-clang | 0.2.1 | 66.98 | NOTE | |||
r-devel-linux-x86_64-fedora-gcc | 0.2.1 | 57.88 | NOTE | |||
r-devel-windows-ix86+x86_64 | 0.2.1 | 8.00 | 48.00 | 56.00 | NOTE | |
r-devel-windows-x86_64-gcc10-UCRT | 0.2.1 | NOTE | ||||
r-patched-linux-x86_64 | 0.2.1 | 4.44 | 42.95 | 47.39 | OK | |
r-patched-solaris-x86 | 0.2.1 | 84.50 | OK | |||
r-release-linux-x86_64 | 0.2.1 | 3.60 | 43.13 | 46.73 | OK | |
r-release-macos-x86_64 | 0.2.1 | OK | ||||
r-release-windows-ix86+x86_64 | 0.2.1 | 8.00 | 68.00 | 76.00 | OK | |
r-oldrel-macos-x86_64 | 0.2.1 | OK | ||||
r-oldrel-windows-ix86+x86_64 | 0.2.1 | 5.00 | 63.00 | 68.00 | OK |
Version: 0.2.1
Check: LazyData
Result: NOTE
'LazyData' is specified without a 'data' directory
Flavors: r-devel-linux-x86_64-debian-clang, r-devel-linux-x86_64-debian-gcc, r-devel-linux-x86_64-fedora-clang, r-devel-linux-x86_64-fedora-gcc, r-devel-windows-ix86+x86_64, r-devel-windows-x86_64-gcc10-UCRT