CRAN Package Check Results for Package fpp

Last updated on 2019-03-23 17:47:51 CET.

Flavor Version Tinstall Tcheck Ttotal Status Flags
r-devel-linux-x86_64-debian-clang 0.5 3.27 22.28 25.55 OK
r-devel-linux-x86_64-debian-gcc 0.5 3.14 18.35 21.49 OK
r-devel-linux-x86_64-fedora-clang 0.5 31.92 OK
r-devel-linux-x86_64-fedora-gcc 0.5 30.68 OK
r-devel-windows-ix86+x86_64 0.5 23.00 53.00 76.00 OK
r-patched-linux-x86_64 0.5 2.05 21.24 23.29 OK
r-patched-solaris-x86 0.5 46.30 OK
r-release-linux-x86_64 0.5 0.29 1.98 2.27 ERROR
r-release-windows-ix86+x86_64 0.5 7.00 39.00 46.00 OK
r-release-osx-x86_64 0.5 OK
r-oldrel-windows-ix86+x86_64 0.5 11.00 52.00 63.00 OK
r-oldrel-osx-x86_64 0.5 OK

Check Details

Version: 0.5
Check: whether package can be installed
Result: ERROR
    Installation failed.
Flavor: r-release-linux-x86_64