CRAN Package Check Results for Package frailtyEM

Last updated on 2022-10-07 11:52:20 CEST.

Flavor Version Tinstall Tcheck Ttotal Status Flags
r-devel-linux-x86_64-debian-clang 1.0.1 38.10 154.20 192.30 NOTE
r-devel-linux-x86_64-debian-gcc 1.0.1 28.11 114.42 142.53 NOTE
r-devel-linux-x86_64-fedora-clang 1.0.1 257.71 NOTE
r-devel-linux-x86_64-fedora-gcc 1.0.1 253.30 NOTE
r-devel-windows-x86_64 1.0.1 43.00 213.00 256.00 NOTE
r-patched-linux-x86_64 1.0.1 31.78 144.44 176.22 NOTE
r-release-linux-x86_64 1.0.1 31.87 141.51 173.38 NOTE
r-release-macos-arm64 1.0.1 65.00 NOTE
r-release-macos-x86_64 1.0.1 124.00 NOTE
r-release-windows-x86_64 1.0.1 42.00 210.00 252.00 NOTE
r-oldrel-macos-arm64 1.0.1 79.00 NOTE
r-oldrel-macos-x86_64 1.0.1 137.00 NOTE
r-oldrel-windows-ix86+x86_64 1.0.1 88.00 240.00 328.00 NOTE

Check Details

Version: 1.0.1
Check: LazyData
Result: NOTE
     'LazyData' is specified without a 'data' directory
Flavors: r-devel-linux-x86_64-debian-clang, r-devel-linux-x86_64-debian-gcc, r-devel-linux-x86_64-fedora-clang, r-devel-linux-x86_64-fedora-gcc, r-devel-windows-x86_64, r-patched-linux-x86_64, r-release-linux-x86_64, r-release-macos-arm64, r-release-macos-x86_64, r-release-windows-x86_64, r-oldrel-macos-arm64, r-oldrel-macos-x86_64, r-oldrel-windows-ix86+x86_64