CRAN Package Check Results for Package fredr

Last updated on 2019-10-10 05:47:35 CEST.

Flavor Version Tinstall Tcheck Ttotal Status Flags
r-devel-linux-x86_64-debian-clang 1.0.0 2.26 34.34 36.60 OK
r-devel-linux-x86_64-debian-gcc 1.0.0 2.20 28.33 30.53 OK
r-devel-linux-x86_64-fedora-clang 1.0.0 47.21 NOTE
r-devel-linux-x86_64-fedora-gcc 1.0.0 45.79 NOTE
r-devel-windows-ix86+x86_64 1.0.0 7.00 66.00 73.00 OK
r-patched-linux-x86_64 1.0.0 2.89 34.27 37.16 OK
r-patched-solaris-x86 1.0.0 60.30 NOTE
r-release-linux-x86_64 1.0.0 2.53 34.13 36.66 OK
r-release-windows-ix86+x86_64 1.0.0 13.00 51.00 64.00 OK
r-release-osx-x86_64 1.0.0 NOTE
r-oldrel-windows-ix86+x86_64 1.0.0 5.00 47.00 52.00 OK
r-oldrel-osx-x86_64 1.0.0 NOTE

Check Details

Version: 1.0.0
Check: data for non-ASCII characters
Result: NOTE
     Note: found 1 marked UTF-8 string
Flavors: r-devel-linux-x86_64-fedora-clang, r-devel-linux-x86_64-fedora-gcc, r-patched-solaris-x86, r-release-osx-x86_64, r-oldrel-osx-x86_64