CRAN Package Check Results for Package freqdist

Last updated on 2024-05-20 11:56:12 CEST.

Flavor Version Tinstall Tcheck Ttotal Status Flags
r-devel-linux-x86_64-debian-clang 0.1 1.93 19.68 21.61 NOTE
r-devel-linux-x86_64-debian-gcc 0.1 1.48 15.27 16.75 NOTE
r-devel-linux-x86_64-fedora-clang 0.1 28.05 NOTE
r-devel-linux-x86_64-fedora-gcc 0.1 25.36 NOTE
r-devel-windows-x86_64 0.1 2.00 34.00 36.00 NOTE
r-patched-linux-x86_64 0.1 1.77 18.64 20.41 NOTE
r-release-linux-x86_64 0.1 1.88 19.00 20.88 NOTE
r-release-macos-arm64 0.1 13.00 NOTE
r-release-windows-x86_64 0.1 3.00 33.00 36.00 NOTE
r-oldrel-macos-arm64 0.1 14.00 NOTE
r-oldrel-macos-x86_64 0.1 16.00 NOTE
r-oldrel-windows-x86_64 0.1 4.00 33.00 37.00 NOTE

Check Details

Version: 0.1
Check: LazyData
Result: NOTE 'LazyData' is specified without a 'data' directory Flavors: r-devel-linux-x86_64-debian-clang, r-devel-linux-x86_64-debian-gcc, r-devel-linux-x86_64-fedora-clang, r-devel-linux-x86_64-fedora-gcc, r-devel-windows-x86_64, r-patched-linux-x86_64, r-release-linux-x86_64, r-release-macos-arm64, r-release-windows-x86_64, r-oldrel-macos-arm64, r-oldrel-macos-x86_64, r-oldrel-windows-x86_64