CRAN Package Check Results for Package fritools2

Last updated on 2024-04-22 05:55:31 CEST.

Flavor Version Tinstall Tcheck Ttotal Status Flags
r-devel-linux-x86_64-debian-clang 4.1.0 5.00 59.98 64.98 OK
r-devel-linux-x86_64-debian-gcc 4.1.0 4.08 44.80 48.88 OK
r-devel-linux-x86_64-fedora-clang 4.1.0 81.79 OK
r-devel-linux-x86_64-fedora-gcc 4.1.0 89.45 OK
r-prerel-macos-arm64 4.1.0 52.00 NOTE
r-prerel-windows-x86_64 4.1.0 7.00 126.00 133.00 NOTE
r-patched-linux-x86_64 4.1.0 7.86 57.17 65.03 OK
r-release-linux-x86_64 4.1.0 3.82 53.97 57.79 OK
r-release-macos-arm64 4.1.0 70.00 OK
r-release-macos-x86_64 4.1.0 119.00 OK
r-release-windows-x86_64 4.1.0 7.00 128.00 135.00 OK
r-oldrel-macos-arm64 4.1.0 56.00 OK
r-oldrel-windows-x86_64 4.1.0 8.00 115.00 123.00 OK

Check Details

Version: 4.1.0
Check: Rd files
Result: NOTE checkRd: (-1) NEWS.Rd:234: Escaped LaTeX specials: \_ checkRd: (-1) NEWS.Rd:257: Escaped LaTeX specials: \_ \_ checkRd: (-1) NEWS.Rd:258: Escaped LaTeX specials: \_ \_ checkRd: (-1) NEWS.Rd:259: Escaped LaTeX specials: \_ checkRd: (-1) NEWS.Rd:262: Escaped LaTeX specials: \_ checkRd: (-1) NEWS.Rd:265: Escaped LaTeX specials: \_ Flavors: r-prerel-macos-arm64, r-prerel-windows-x86_64