CRAN Package Check Results for Package fromo

Last updated on 2022-01-22 11:50:59 CET.

Flavor Version Tinstall Tcheck Ttotal Status Flags
r-devel-linux-x86_64-debian-clang 0.2.1 394.58 57.87 452.45 OK
r-devel-linux-x86_64-debian-gcc 0.2.1 245.55 49.90 295.45 OK
r-devel-linux-x86_64-fedora-clang 0.2.1 715.33 NOTE
r-devel-linux-x86_64-fedora-gcc 0.2.1 504.86 OK
r-devel-windows-x86_64-new-UL 0.2.1 193.00 134.00 327.00 OK
r-devel-windows-x86_64-new-TK 0.2.1 OK
r-patched-linux-x86_64 0.2.1 254.69 60.36 315.05 OK
r-release-linux-x86_64 0.2.1 266.75 60.08 326.83 OK
r-release-macos-arm64 0.2.1 NOTE
r-release-macos-x86_64 0.2.1 NOTE
r-release-windows-ix86+x86_64 0.2.1 643.00 147.00 790.00 NOTE
r-oldrel-macos-x86_64 0.2.1 NOTE
r-oldrel-windows-ix86+x86_64 0.2.1 633.00 139.00 772.00 NOTE

Check Details

Version: 0.2.1
Check: installed package size
Result: NOTE
     installed size is 47.6Mb
     sub-directories of 1Mb or more:
     libs 47.1Mb
Flavors: r-devel-linux-x86_64-fedora-clang, r-release-macos-arm64, r-release-macos-x86_64, r-release-windows-ix86+x86_64, r-oldrel-macos-x86_64, r-oldrel-windows-ix86+x86_64