Last updated on 2024-04-23 23:56:00 CEST.
Flavor | Version | Tinstall | Tcheck | Ttotal | Status | Flags |
---|---|---|---|---|---|---|
r-devel-linux-x86_64-debian-clang | 1.6.3 | 50.05 | 75.77 | 125.82 | NOTE | |
r-devel-linux-x86_64-debian-gcc | 1.6.3 | 34.63 | 55.08 | 89.71 | NOTE | |
r-devel-linux-x86_64-fedora-clang | 1.6.3 | 175.34 | NOTE | |||
r-devel-linux-x86_64-fedora-gcc | 1.6.3 | 177.12 | NOTE | |||
r-prerel-macos-arm64 | 1.6.3 | 70.00 | NOTE | |||
r-prerel-windows-x86_64 | 1.6.3 | 93.00 | 77.00 | 170.00 | NOTE | |
r-patched-linux-x86_64 | 1.6.3 | 48.40 | 70.33 | 118.73 | NOTE | |
r-release-linux-x86_64 | 1.6.3 | 47.71 | 70.75 | 118.46 | NOTE | |
r-release-macos-arm64 | 1.6.3 | 89.00 | NOTE | |||
r-release-macos-x86_64 | 1.6.3 | 150.00 | NOTE | |||
r-release-windows-x86_64 | 1.6.3 | 88.00 | 85.00 | 173.00 | NOTE | |
r-oldrel-macos-arm64 | 1.6.3 | 86.00 | NOTE | |||
r-oldrel-windows-x86_64 | 1.6.3 | 86.00 | 82.00 | 168.00 | NOTE |
Version: 1.6.3
Check: for GNU extensions in Makefiles
Result: NOTE
GNU make is a SystemRequirements.
Flavors: r-devel-linux-x86_64-debian-clang, r-devel-linux-x86_64-debian-gcc, r-devel-linux-x86_64-fedora-clang, r-devel-linux-x86_64-fedora-gcc, r-prerel-macos-arm64, r-prerel-windows-x86_64, r-patched-linux-x86_64, r-release-linux-x86_64, r-release-macos-arm64, r-release-macos-x86_64, r-release-windows-x86_64, r-oldrel-macos-arm64, r-oldrel-windows-x86_64
Version: 1.6.3
Check: compiled code
Result: NOTE
File ‘fs/libs/fs.so’:
Found non-API call to R: ‘SETLENGTH’
Compiled code should not call non-API entry points in R.
See ‘Writing portable packages’ in the ‘Writing R Extensions’ manual.
Flavors: r-devel-linux-x86_64-debian-clang, r-devel-linux-x86_64-debian-gcc, r-devel-linux-x86_64-fedora-clang, r-devel-linux-x86_64-fedora-gcc