Last updated on 2023-03-27 06:50:07 CEST.
Flavor | Version | Tinstall | Tcheck | Ttotal | Status | Flags |
---|---|---|---|---|---|---|
r-devel-linux-x86_64-debian-clang | 2.1-2 | 10.79 | 76.92 | 87.71 | WARN | |
r-devel-linux-x86_64-debian-gcc | 2.1-2 | 8.50 | 60.70 | 69.20 | WARN | |
r-devel-linux-x86_64-fedora-clang | 2.1-2 | 110.46 | WARN | |||
r-devel-linux-x86_64-fedora-gcc | 2.1-2 | 105.39 | WARN | |||
r-patched-linux-x86_64 | 2.1-2 | 13.94 | 75.88 | 89.82 | WARN | |
r-release-linux-x86_64 | 2.1-2 | 10.71 | 74.73 | 85.44 | OK | |
r-release-macos-arm64 | 2.1-2 | 34.00 | OK | |||
r-release-macos-x86_64 | 2.1-2 | 47.00 | OK | |||
r-release-windows-x86_64 | 2.1-2 | 19.00 | 113.00 | 132.00 | OK | |
r-oldrel-macos-arm64 | 2.1-2 | 34.00 | OK | |||
r-oldrel-macos-x86_64 | 2.1-2 | 47.00 | OK | |||
r-oldrel-windows-ix86+x86_64 | 2.1-2 | 24.00 | 149.00 | 173.00 | OK |
Version: 2.1-2
Check: S3 generic/method consistency
Result: WARN
Warning in formals(fun) : argument is not a function
See section ‘Generic functions and methods’ in the ‘Writing R
Extensions’ manual.
Flavors: r-devel-linux-x86_64-debian-clang, r-devel-linux-x86_64-debian-gcc, r-devel-linux-x86_64-fedora-clang, r-devel-linux-x86_64-fedora-gcc, r-patched-linux-x86_64