Last updated on 2021-01-24 05:48:09 CET.
Flavor | Version | Tinstall | Tcheck | Ttotal | Status | Flags |
---|---|---|---|---|---|---|
r-devel-linux-x86_64-debian-clang | 0.9.4 | 127.19 | 81.10 | 208.29 | OK | |
r-devel-linux-x86_64-debian-gcc | 0.9.4 | 78.01 | 56.83 | 134.84 | OK | |
r-devel-linux-x86_64-fedora-clang | 0.9.4 | 306.66 | NOTE | |||
r-devel-linux-x86_64-fedora-gcc | 0.9.4 | 240.05 | OK | |||
r-devel-windows-ix86+x86_64 | 0.9.4 | 274.00 | 236.00 | 510.00 | OK | |
r-patched-linux-x86_64 | 0.9.4 | 91.90 | 77.84 | 169.74 | OK | |
r-patched-solaris-x86 | 0.9.4 | 233.80 | ERROR | |||
r-release-linux-x86_64 | 0.9.4 | 92.95 | 76.11 | 169.06 | OK | |
r-release-macos-x86_64 | 0.9.4 | NOTE | ||||
r-release-windows-ix86+x86_64 | 0.9.4 | 209.00 | 243.00 | 452.00 | OK | |
r-oldrel-macos-x86_64 | 0.9.4 | NOTE | ||||
r-oldrel-windows-ix86+x86_64 | 0.9.4 | 222.00 | 248.00 | 470.00 | OK |
Version: 0.9.4
Check: installed package size
Result: NOTE
installed size is 6.9Mb
sub-directories of 1Mb or more:
libs 6.8Mb
Flavors: r-devel-linux-x86_64-fedora-clang, r-release-macos-x86_64, r-oldrel-macos-x86_64
Version: 0.9.4
Check: tests
Result: ERROR
Running ‘testthat.R’ [0m/180m]
Running the tests in ‘tests/testthat.R’ failed.
Complete output:
>
> # required packages
> library(testthat)
> library(fst)
>
> # some helper functions
> source("testthat/helper_fstwrite.R") # cross-version testing
>
> # run tests
> test_check("fst")
*** caught segfault ***
address 5e8f2b76, cause 'memory not mapped'
Flavor: r-patched-solaris-x86