CRAN Package Check Results for Package fstcore

Last updated on 2021-01-19 11:47:47 CET.

Flavor Version Tinstall Tcheck Ttotal Status Flags
r-devel-linux-x86_64-debian-clang 0.9.6 139.60 28.79 168.39 OK
r-devel-linux-x86_64-debian-gcc 0.9.6 86.79 22.64 109.43 OK
r-devel-linux-x86_64-fedora-clang 0.9.6 256.75 NOTE
r-devel-linux-x86_64-fedora-gcc 0.9.6 197.03 OK
r-devel-windows-ix86+x86_64 0.9.6 225.00 62.00 287.00 OK
r-patched-linux-x86_64 0.9.6 105.66 27.10 132.76 OK
r-patched-solaris-x86 0.9.6 166.20 OK
r-release-linux-x86_64 0.9.6 103.01 27.49 130.50 OK
r-release-macos-x86_64 0.9.6 NOTE
r-release-windows-ix86+x86_64 0.9.6 244.00 62.00 306.00 OK
r-oldrel-macos-x86_64 0.9.6 WARN
r-oldrel-windows-ix86+x86_64 0.9.6 207.00 54.00 261.00 OK

Check Details

Version: 0.9.6
Check: installed package size
Result: NOTE
     installed size is 7.1Mb
     sub-directories of 1Mb or more:
     libs 7.0Mb
Flavors: r-devel-linux-x86_64-fedora-clang, r-release-macos-x86_64, r-oldrel-macos-x86_64

Version: 0.9.6
Check: for executable files
Result: WARN
    Found the following executable file:
     src/fstlib/LZ4/LICENSE
    Source packages should not contain undeclared executable files.
    See section ‘Package structure’ in the ‘Writing R Extensions’ manual.
Flavor: r-oldrel-macos-x86_64