Last updated on 2023-03-26 17:49:41 CEST.
Flavor | Version | Tinstall | Tcheck | Ttotal | Status | Flags |
---|---|---|---|---|---|---|
r-devel-linux-x86_64-debian-clang | 0.5.0 | 7.21 | 102.41 | 109.62 | OK | |
r-devel-linux-x86_64-debian-gcc | 0.5.0 | 6.18 | 75.35 | 81.53 | OK | |
r-devel-linux-x86_64-fedora-gcc | 0.5.0 | 180.28 | OK | |||
r-patched-linux-x86_64 | 0.5.0 | 7.22 | 97.66 | 104.88 | OK | |
r-release-linux-x86_64 | 0.5.0 | 5.51 | 95.22 | 100.73 | OK | |
r-release-macos-arm64 | 0.5.0 | 48.00 | OK | |||
r-release-macos-x86_64 | 0.5.0 | 65.00 | OK | |||
r-release-windows-x86_64 | 0.5.0 | 51.00 | 151.00 | 202.00 | OK | |
r-oldrel-macos-arm64 | 0.5.0 | 61.00 | OK | |||
r-oldrel-macos-x86_64 | 0.5.0 | 81.00 | OK | |||
r-oldrel-windows-ix86+x86_64 | 0.5.0 | 18.00 | 120.00 | 138.00 | NOTE |
Version: 0.5.0
Check: R code for possible problems
Result: NOTE
Initiating curl with CURL_SSL_BACKEND: openssl
Flavor: r-oldrel-windows-ix86+x86_64