CRAN Package Check Results for Package ftsa

Last updated on 2021-06-25 05:51:49 CEST.

Flavor Version Tinstall Tcheck Ttotal Status Flags
r-devel-linux-x86_64-debian-clang 6.0 21.90 238.42 260.32 OK
r-devel-linux-x86_64-debian-gcc 6.0 17.23 173.82 191.05 OK
r-devel-linux-x86_64-fedora-clang 6.0 322.68 OK
r-devel-linux-x86_64-fedora-gcc 6.0 304.09 OK
r-devel-windows-x86_64 6.0 35.00 205.00 240.00 OK
r-devel-windows-x86_64-gcc10-UCRT 6.0 OK
r-patched-linux-x86_64 6.0 28.04 225.67 253.71 OK
r-patched-solaris-x86 6.0 404.50 OK
r-release-linux-x86_64 6.0 19.76 226.59 246.35 OK
r-release-macos-arm64 6.0 NOTE
r-release-macos-x86_64 6.0 OK
r-release-windows-ix86+x86_64 6.0 35.00 281.00 316.00 OK
r-oldrel-macos-x86_64 6.0 OK
r-oldrel-windows-ix86+x86_64 6.0 46.00 251.00 297.00 OK

Check Details

Version: 6.0
Check: package dependencies
Result: NOTE
    Package suggested but not available for checking: ‘R2jags’
Flavor: r-release-macos-arm64