CRAN Package Check Results for Package functional

Last updated on 2021-04-15 05:47:55 CEST.

Flavor Version Tinstall Tcheck Ttotal Status Flags
r-devel-linux-x86_64-debian-clang 0.6 1.74 20.36 22.10 NOTE
r-devel-linux-x86_64-debian-gcc 0.6 1.46 16.23 17.69 NOTE
r-devel-linux-x86_64-fedora-clang 0.6 37.01 NOTE
r-devel-linux-x86_64-fedora-gcc 0.6 27.05 NOTE
r-devel-windows-ix86+x86_64 0.6 4.00 33.00 37.00 NOTE
r-devel-windows-x86_64-gcc10-UCRT 0.6 NOTE
r-patched-linux-x86_64 0.6 1.68 19.94 21.62 NOTE
r-patched-solaris-x86 0.6 41.30 NOTE
r-release-linux-x86_64 0.6 1.78 20.28 22.06 NOTE
r-release-macos-x86_64 0.6 NOTE
r-release-windows-ix86+x86_64 0.6 3.00 25.00 28.00 NOTE
r-oldrel-macos-x86_64 0.6 NOTE
r-oldrel-windows-ix86+x86_64 0.6 3.00 43.00 46.00 NOTE

Check Details

Version: 0.6
Check: DESCRIPTION meta-information
Result: NOTE
    Malformed Description field: should contain one or more complete sentences.
Flavors: r-devel-linux-x86_64-debian-clang, r-devel-linux-x86_64-debian-gcc, r-devel-linux-x86_64-fedora-clang, r-devel-linux-x86_64-fedora-gcc, r-devel-windows-ix86+x86_64, r-devel-windows-x86_64-gcc10-UCRT, r-patched-linux-x86_64, r-patched-solaris-x86, r-release-linux-x86_64, r-release-macos-x86_64, r-release-windows-ix86+x86_64, r-oldrel-macos-x86_64, r-oldrel-windows-ix86+x86_64