CRAN Package Check Results for Package funr

Last updated on 2024-05-23 11:49:28 CEST.

Flavor Version Tinstall Tcheck Ttotal Status Flags
r-devel-linux-x86_64-debian-clang 0.3.2 1.87 24.09 25.96 NOTE
r-devel-linux-x86_64-debian-gcc 0.3.2 1.82 18.98 20.80 NOTE
r-devel-linux-x86_64-fedora-clang 0.3.2 34.61 NOTE
r-devel-linux-x86_64-fedora-gcc 0.3.2 32.21 NOTE
r-devel-windows-x86_64 0.3.2 3.00 48.00 51.00 NOTE
r-patched-linux-x86_64 0.3.2 1.95 23.81 25.76 NOTE
r-release-linux-x86_64 0.3.2 2.30 23.32 25.62 NOTE
r-release-macos-arm64 0.3.2 16.00 NOTE
r-release-windows-x86_64 0.3.2 3.00 47.00 50.00 NOTE
r-oldrel-macos-arm64 0.3.2 17.00 NOTE
r-oldrel-macos-x86_64 0.3.2 21.00 NOTE
r-oldrel-windows-x86_64 0.3.2 3.00 45.00 48.00 NOTE

Check Details

Version: 0.3.2
Check: LazyData
Result: NOTE 'LazyData' is specified without a 'data' directory Flavors: r-devel-linux-x86_64-debian-clang, r-devel-linux-x86_64-debian-gcc, r-devel-linux-x86_64-fedora-clang, r-devel-linux-x86_64-fedora-gcc, r-devel-windows-x86_64, r-patched-linux-x86_64, r-release-linux-x86_64, r-release-macos-arm64, r-release-windows-x86_64, r-oldrel-macos-arm64, r-oldrel-macos-x86_64, r-oldrel-windows-x86_64