CRAN Package Check Results for Package future.batchtools

Last updated on 2021-07-30 05:52:12 CEST.

Flavor Version Tinstall Tcheck Ttotal Status Flags
r-devel-linux-x86_64-debian-clang 0.10.0 OK
r-devel-linux-x86_64-debian-gcc 0.10.0 3.80 199.24 203.04 OK
r-devel-linux-x86_64-fedora-clang 0.10.0 327.77 NOTE
r-devel-linux-x86_64-fedora-gcc 0.10.0 336.15 OK
r-devel-windows-x86_64 0.10.0 5.00 329.00 334.00 OK
r-devel-windows-x86_64-gcc10-UCRT 0.10.0 OK
r-patched-linux-x86_64 0.10.0 OK
r-patched-solaris-x86 0.10.0 466.00 OK
r-release-linux-x86_64 0.10.0 5.14 249.96 255.10 OK
r-release-macos-arm64 0.10.0 OK
r-release-macos-x86_64 0.10.0 OK
r-release-windows-ix86+x86_64 0.10.0 11.00 334.00 345.00 OK
r-oldrel-macos-x86_64 0.10.0 OK
r-oldrel-windows-ix86+x86_64 0.10.0 9.00 339.00 348.00 OK

Check Details

Version: 0.10.0
Check: Rd cross-references
Result: NOTE
    Undeclared package ‘globals’ in Rd xrefs
Flavor: r-devel-linux-x86_64-fedora-clang