CRAN Package Check Results for Package fuzzr

Last updated on 2021-04-21 05:48:36 CEST.

Flavor Version Tinstall Tcheck Ttotal Status Flags
r-devel-linux-x86_64-debian-clang 0.2.2 2.37 38.05 40.42 NOTE
r-devel-linux-x86_64-debian-gcc 0.2.2 1.71 28.93 30.64 NOTE
r-devel-linux-x86_64-fedora-clang 0.2.2 58.13 NOTE
r-devel-linux-x86_64-fedora-gcc 0.2.2 48.09 NOTE
r-devel-windows-ix86+x86_64 0.2.2 7.00 43.00 50.00 NOTE
r-devel-windows-x86_64-gcc10-UCRT 0.2.2 NOTE
r-patched-linux-x86_64 0.2.2 2.17 39.36 41.53 OK
r-patched-solaris-x86 0.2.2 70.50 OK
r-release-linux-x86_64 0.2.2 2.22 38.31 40.53 OK
r-release-macos-x86_64 0.2.2 OK
r-release-windows-ix86+x86_64 0.2.2 5.00 55.00 60.00 OK
r-oldrel-macos-x86_64 0.2.2 OK
r-oldrel-windows-ix86+x86_64 0.2.2 17.00 55.00 72.00 OK

Check Details

Version: 0.2.2
Check: LazyData
Result: NOTE
     'LazyData' is specified without a 'data' directory
Flavors: r-devel-linux-x86_64-debian-clang, r-devel-linux-x86_64-debian-gcc, r-devel-linux-x86_64-fedora-clang, r-devel-linux-x86_64-fedora-gcc, r-devel-windows-ix86+x86_64, r-devel-windows-x86_64-gcc10-UCRT