CRAN Package Check Results for Package fuzzyforest

Last updated on 2025-01-17 11:49:48 CET.

Flavor Version Tinstall Tcheck Ttotal Status Flags
r-devel-linux-x86_64-debian-clang 1.0.8 5.62 119.94 125.56 OK
r-devel-linux-x86_64-debian-gcc 1.0.8 4.14 84.62 88.76 OK
r-devel-linux-x86_64-fedora-clang 1.0.8 194.44 OK
r-devel-linux-x86_64-fedora-gcc 1.0.8 186.57 OK
r-devel-windows-x86_64 1.0.8 19.00 123.00 142.00 OK
r-patched-linux-x86_64 1.0.8 5.35 109.14 114.49 OK
r-release-linux-x86_64 1.0.8 4.94 111.87 116.81 OK
r-release-macos-arm64 1.0.8 59.00 OK
r-release-macos-x86_64 1.0.8 98.00 OK
r-release-windows-x86_64 1.0.8 19.00 124.00 143.00 OK
r-oldrel-macos-arm64 1.0.8 27.00 NOTE
r-oldrel-macos-x86_64 1.0.8 40.00 NOTE
r-oldrel-windows-x86_64 1.0.8 22.00 158.00 180.00 OK

Check Details

Version: 1.0.8
Check: package dependencies
Result: NOTE Package suggested but not available for checking: ‘WGCNA’ Flavors: r-oldrel-macos-arm64, r-oldrel-macos-x86_64