CRAN Package Check Results for Package fuzzyforest

Last updated on 2024-06-18 11:54:45 CEST.

Flavor Version Tinstall Tcheck Ttotal Status Flags
r-devel-linux-x86_64-debian-clang 1.0.8 5.95 147.47 153.42 OK
r-devel-linux-x86_64-debian-gcc 1.0.8 5.10 110.15 115.25 OK
r-devel-linux-x86_64-fedora-clang 1.0.8 196.87 OK
r-devel-linux-x86_64-fedora-gcc 1.0.8 185.54 OK
r-devel-windows-x86_64 1.0.8 18.00 124.00 142.00 OK
r-patched-linux-x86_64 1.0.8 6.69 145.75 152.44 OK
r-release-linux-x86_64 1.0.8 5.94 143.36 149.30 OK
r-release-macos-arm64 1.0.8 59.00 OK
r-release-macos-x86_64 1.0.8 98.00 OK
r-release-windows-x86_64 1.0.8 21.00 131.00 152.00 OK
r-oldrel-macos-arm64 1.0.8 27.00 NOTE
r-oldrel-macos-x86_64 1.0.8 40.00 NOTE
r-oldrel-windows-x86_64 1.0.8 26.00 154.00 180.00 OK

Check Details

Version: 1.0.8
Check: package dependencies
Result: NOTE Package suggested but not available for checking: ‘WGCNA’ Flavors: r-oldrel-macos-arm64, r-oldrel-macos-x86_64