Last updated on 2023-09-24 12:28:18 CEST.
Flavor | Version | Tinstall | Tcheck | Ttotal | Status | Flags |
---|---|---|---|---|---|---|
r-devel-linux-x86_64-debian-clang | 0.10-1 | 7.99 | 159.69 | 167.68 | OK | |
r-devel-linux-x86_64-debian-gcc | 0.10-1 | 6.64 | 117.98 | 124.62 | OK | |
r-devel-linux-x86_64-fedora-clang | 0.10-1 | 204.79 | NOTE | |||
r-devel-linux-x86_64-fedora-gcc | 0.10-1 | 211.32 | OK | |||
r-devel-windows-x86_64 | 0.10-1 | 9.00 | 139.00 | 148.00 | OK | |
r-patched-linux-x86_64 | 0.10-1 | 10.64 | 155.26 | 165.90 | OK | |
r-release-linux-x86_64 | 0.10-1 | 6.82 | 155.31 | 162.13 | OK | |
r-release-macos-arm64 | 0.10-1 | 67.00 | OK | |||
r-release-macos-x86_64 | 0.10-1 | 137.00 | OK | |||
r-release-windows-x86_64 | 0.10-1 | 11.00 | 171.00 | 182.00 | OK | |
r-oldrel-macos-arm64 | 0.10-1 | 64.00 | OK | |||
r-oldrel-macos-x86_64 | 0.10-1 | 87.00 | OK | |||
r-oldrel-windows-x86_64 | 0.10-1 | 11.00 | 168.00 | 179.00 | OK |
Version: 0.10-1
Check: Rd cross-references
Result: NOTE
Undeclared package ‘mfdb’ in Rd xrefs
Flavor: r-devel-linux-x86_64-fedora-clang