CRAN Package Check Results for Package gamesGA

Last updated on 2024-07-20 17:58:13 CEST.

Flavor Version Tinstall Tcheck Ttotal Status Flags
r-devel-linux-x86_64-debian-clang 1.1.3.7 6.39 45.75 52.14 NOTE
r-devel-linux-x86_64-debian-gcc 1.1.3.7 4.15 35.06 39.21 NOTE
r-devel-linux-x86_64-fedora-clang 1.1.3.7 64.17 NOTE
r-devel-linux-x86_64-fedora-gcc 1.1.3.7 61.42 NOTE
r-devel-windows-x86_64 1.1.3.7 9.00 58.00 67.00 NOTE
r-patched-linux-x86_64 1.1.3.7 5.95 45.00 50.95 NOTE
r-release-linux-x86_64 1.1.3.7 5.55 44.89 50.44 NOTE
r-release-macos-arm64 1.1.3.7 23.00 NOTE
r-release-macos-x86_64 1.1.3.7 35.00 NOTE
r-release-windows-x86_64 1.1.3.7 8.00 57.00 65.00 NOTE
r-oldrel-macos-arm64 1.1.3.7 25.00 NOTE
r-oldrel-macos-x86_64 1.1.3.7 35.00 NOTE
r-oldrel-windows-x86_64 1.1.3.7 10.00 61.00 71.00 NOTE

Check Details

Version: 1.1.3.7
Check: LazyData
Result: NOTE 'LazyData' is specified without a 'data' directory Flavors: r-devel-linux-x86_64-debian-clang, r-devel-linux-x86_64-debian-gcc, r-devel-linux-x86_64-fedora-clang, r-devel-linux-x86_64-fedora-gcc, r-devel-windows-x86_64, r-patched-linux-x86_64, r-release-linux-x86_64, r-release-macos-arm64, r-release-macos-x86_64, r-release-windows-x86_64, r-oldrel-macos-arm64, r-oldrel-macos-x86_64, r-oldrel-windows-x86_64

Version: 1.1.3.7
Check: dependencies in R code
Result: NOTE Namespace in Imports field not imported from: ‘grDevices’ All declared Imports should be used. Flavors: r-devel-linux-x86_64-fedora-clang, r-devel-linux-x86_64-fedora-gcc