CRAN Package Check Results for Package gamlr

Last updated on 2024-05-23 11:49:28 CEST.

Flavor Version Tinstall Tcheck Ttotal Status Flags
r-devel-linux-x86_64-debian-clang 1.13-8 10.66 78.35 89.01 NOTE
r-devel-linux-x86_64-debian-gcc 1.13-8 7.49 58.25 65.74 NOTE
r-devel-linux-x86_64-fedora-clang 1.13-8 106.93 NOTE
r-devel-linux-x86_64-fedora-gcc 1.13-8 102.17 NOTE
r-devel-windows-x86_64 1.13-8 11.00 76.00 87.00 NOTE
r-patched-linux-x86_64 1.13-8 8.80 73.94 82.74 NOTE
r-release-linux-x86_64 1.13-8 9.16 74.29 83.45 NOTE
r-release-macos-arm64 1.13-8 35.00 NOTE
r-release-windows-x86_64 1.13-8 11.00 75.00 86.00 NOTE
r-oldrel-macos-arm64 1.13-8 37.00 OK
r-oldrel-macos-x86_64 1.13-8 78.00 OK
r-oldrel-windows-x86_64 1.13-8 13.00 86.00 99.00 OK

Check Details

Version: 1.13-8
Check: Rd files
Result: NOTE checkRd: (-1) naref.Rd:13: Lost braces 13 | \details{ For every \code{factor} or \code{character} column in \code{x}, \code{naref} sets \code{NA} as the reference level for a \code{factor} variable. Columns coded as \code{character} class are first converted to factors via \R{factor(x)}. If \code{impute=TRUE} then the numeric columns are converted to two columns, one appended \code{.x} that contains imputed values and another appended \code{.miss} which is a binary variable indicating whether the original value was missing. Numeric columns are returned without change if \code{impute=FALSE} or if they do not contain any missing values. | ^ Flavors: r-devel-linux-x86_64-debian-clang, r-devel-linux-x86_64-debian-gcc, r-devel-linux-x86_64-fedora-clang, r-devel-linux-x86_64-fedora-gcc, r-devel-windows-x86_64, r-patched-linux-x86_64, r-release-linux-x86_64, r-release-macos-arm64, r-release-windows-x86_64