Last updated on 2023-12-02 11:49:26 CET.
Flavor | Version | Tinstall | Tcheck | Ttotal | Status | Flags |
---|---|---|---|---|---|---|
r-devel-linux-x86_64-debian-clang | 5.1-6 | 6.58 | 90.05 | 96.63 | NOTE | |
r-devel-linux-x86_64-debian-gcc | 5.1-6 | 7.91 | 66.36 | 74.27 | NOTE | |
r-devel-linux-x86_64-fedora-clang | 5.1-6 | 130.55 | OK | |||
r-devel-linux-x86_64-fedora-gcc | 5.1-6 | 117.89 | OK | |||
r-devel-windows-x86_64 | 5.1-6 | 9.00 | 88.00 | 97.00 | OK | |
r-patched-linux-x86_64 | 5.1-6 | 9.47 | 87.43 | 96.90 | OK | |
r-release-linux-x86_64 | 5.1-6 | 7.47 | 87.84 | 95.31 | OK | |
r-release-macos-arm64 | 5.1-6 | 40.00 | OK | |||
r-release-macos-x86_64 | 5.1-6 | 70.00 | OK | |||
r-release-windows-x86_64 | 5.1-6 | 11.00 | 100.00 | 111.00 | OK | |
r-oldrel-macos-arm64 | 5.1-6 | 40.00 | OK | |||
r-oldrel-macos-x86_64 | 5.1-6 | 53.00 | OK | |||
r-oldrel-windows-x86_64 | 5.1-6 | 12.00 | 106.00 | 118.00 | OK |
Version: 5.1-6
Check: Rd files
Result: NOTE
checkRd: (-1) plotNN.Rd:20: Lost braces
20 | \item{nid}{logical value indicating if neural interpretation diagram is plotted, default is code{TRUE}}
| ^
Flavors: r-devel-linux-x86_64-debian-clang, r-devel-linux-x86_64-debian-gcc