Last updated on 2023-09-27 12:02:48 CEST.
Flavor | Version | Tinstall | Tcheck | Ttotal | Status | Flags |
---|---|---|---|---|---|---|
r-devel-linux-x86_64-debian-clang | 6.1-1 | 62.01 | 270.79 | 332.80 | OK | |
r-devel-linux-x86_64-debian-gcc | 6.1-1 | 38.71 | 191.70 | 230.41 | OK | |
r-devel-linux-x86_64-fedora-clang | 6.1-1 | 395.43 | NOTE | |||
r-devel-linux-x86_64-fedora-gcc | 6.1-1 | 388.59 | OK | |||
r-devel-windows-x86_64 | 6.1-1 | 50.00 | 183.00 | 233.00 | OK | |
r-patched-linux-x86_64 | 6.1-1 | 66.99 | 258.31 | 325.30 | OK | |
r-release-linux-x86_64 | 6.1-1 | 62.93 | 268.54 | 331.47 | OK | |
r-release-macos-arm64 | 6.1-1 | 79.00 | OK | |||
r-release-macos-x86_64 | 6.1-1 | 298.00 | OK | |||
r-release-windows-x86_64 | 6.1-1 | 63.00 | 233.00 | 296.00 | OK | |
r-oldrel-macos-arm64 | 6.1-1 | 78.00 | OK | |||
r-oldrel-macos-x86_64 | 6.1-1 | 130.00 | OK | |||
r-oldrel-windows-x86_64 | 6.1-1 | 92.00 | 232.00 | 324.00 | OK |
Version: 6.1-1
Check: Rd cross-references
Result: NOTE
Undeclared package ‘gamlss’ in Rd xrefs
Flavor: r-devel-linux-x86_64-fedora-clang